CRAN Package Check Results for Package DCSmooth

Last updated on 2025-05-06 21:51:40 CEST.

Flavor Version Tinstall Tcheck Ttotal Status Flags
r-devel-linux-x86_64-debian-clang 1.1.2 117.99 224.01 342.00 NOTE
r-devel-linux-x86_64-debian-gcc 1.1.2 81.45 146.31 227.76 NOTE
r-devel-linux-x86_64-fedora-clang 1.1.2 630.11 NOTE
r-devel-linux-x86_64-fedora-gcc 1.1.2 635.67 NOTE
r-devel-windows-x86_64 1.1.2 133.00 256.00 389.00 NOTE
r-patched-linux-x86_64 1.1.2 110.38 221.73 332.11 NOTE
r-release-linux-x86_64 1.1.2 110.69 221.06 331.75 NOTE
r-release-macos-arm64 1.1.2 150.00 NOTE
r-release-macos-x86_64 1.1.2 316.00 NOTE
r-release-windows-x86_64 1.1.2 135.00 262.00 397.00 NOTE
r-oldrel-macos-arm64 1.1.2 155.00 NOTE
r-oldrel-macos-x86_64 1.1.2 263.00 NOTE
r-oldrel-windows-x86_64 1.1.2 167.00 373.00 540.00 NOTE

Check Details

Version: 1.1.2
Check: C++ specification
Result: NOTE Specified C++11: please drop specification unless essential Flavors: r-devel-linux-x86_64-debian-clang, r-devel-linux-x86_64-debian-gcc, r-devel-linux-x86_64-fedora-clang, r-devel-linux-x86_64-fedora-gcc, r-devel-windows-x86_64, r-patched-linux-x86_64, r-release-linux-x86_64, r-release-macos-arm64, r-release-macos-x86_64, r-release-windows-x86_64, r-oldrel-macos-arm64, r-oldrel-macos-x86_64, r-oldrel-windows-x86_64

Version: 1.1.2
Check: Rd files
Result: NOTE checkRd: (-1) kernel.assign.Rd:27: Lost braces; missing escapes or markup? 27 | {q = [0, 1]}. Kernels are of the Müller-Wang type ("MW"), Müller type ("M") | ^ Flavors: r-devel-linux-x86_64-debian-clang, r-devel-linux-x86_64-debian-gcc, r-devel-linux-x86_64-fedora-clang, r-devel-linux-x86_64-fedora-gcc, r-devel-windows-x86_64, r-patched-linux-x86_64, r-release-linux-x86_64, r-release-macos-arm64, r-release-macos-x86_64, r-release-windows-x86_64, r-oldrel-macos-arm64, r-oldrel-macos-x86_64, r-oldrel-windows-x86_64

Version: 1.1.2
Check: installed package size
Result: NOTE installed size is 7.8Mb sub-directories of 1Mb or more: data 1.9Mb libs 5.2Mb Flavors: r-oldrel-macos-arm64, r-oldrel-macos-x86_64