Last updated on 2024-06-29 11:49:10 CEST.
Flavor | Version | Tinstall | Tcheck | Ttotal | Status | Flags |
---|---|---|---|---|---|---|
r-devel-linux-x86_64-debian-clang | 1.2.3 | 8.72 | 104.58 | 113.30 | OK | |
r-devel-linux-x86_64-debian-gcc | 1.2.3 | 5.31 | 76.28 | 81.59 | OK | |
r-devel-linux-x86_64-fedora-clang | 1.2.3 | 144.34 | NOTE | |||
r-devel-linux-x86_64-fedora-gcc | 1.2.3 | 170.19 | OK | |||
r-devel-windows-x86_64 | 1.2.3 | 9.00 | 117.00 | 126.00 | OK | |
r-patched-linux-x86_64 | 1.2.3 | 13.71 | 96.54 | 110.25 | OK | |
r-release-linux-x86_64 | 1.2.3 | 8.62 | 100.15 | 108.77 | OK | |
r-release-macos-arm64 | 1.2.3 | 106.00 | OK | |||
r-release-macos-x86_64 | 1.2.3 | 146.00 | OK | |||
r-release-windows-x86_64 | 1.2.3 | 11.00 | 116.00 | 127.00 | OK | |
r-oldrel-macos-arm64 | 1.2.3 | 108.00 | OK | |||
r-oldrel-macos-x86_64 | 1.2.3 | 186.00 | OK | |||
r-oldrel-windows-x86_64 | 1.2.3 | 11.00 | 137.00 | 148.00 | OK |
Version: 1.2.3
Check: Rd cross-references
Result: NOTE
Undeclared package ‘withr’ in Rd xrefs
Flavor: r-devel-linux-x86_64-fedora-clang