Last updated on 2024-08-24 16:48:57 CEST.
Flavor | Version | Tinstall | Tcheck | Ttotal | Status | Flags |
---|---|---|---|---|---|---|
r-devel-linux-x86_64-debian-clang | 1.2.0 | 16.60 | 140.40 | 157.00 | OK | |
r-devel-linux-x86_64-debian-gcc | 1.2.0 | 11.06 | 100.07 | 111.13 | OK | |
r-devel-linux-x86_64-fedora-clang | 1.2.0 | 255.29 | NOTE | |||
r-devel-linux-x86_64-fedora-gcc | 1.2.0 | 253.43 | OK | |||
r-devel-windows-x86_64 | 1.2.0 | 18.00 | 137.00 | 155.00 | NOTE | |
r-patched-linux-x86_64 | 1.2.0 | 15.61 | 132.53 | 148.14 | OK | |
r-release-linux-x86_64 | 1.2.0 | 16.50 | 133.20 | 149.70 | OK | |
r-release-macos-arm64 | 1.2.0 | 73.00 | NOTE | |||
r-release-macos-x86_64 | 1.2.0 | 106.00 | NOTE | |||
r-release-windows-x86_64 | 1.2.0 | 17.00 | 138.00 | 155.00 | NOTE | |
r-oldrel-macos-arm64 | 1.2.0 | 84.00 | NOTE | |||
r-oldrel-macos-x86_64 | 1.2.0 | 137.00 | NOTE | |||
r-oldrel-windows-x86_64 | 1.2.0 | 23.00 | 179.00 | 202.00 | NOTE |
Version: 1.2.0
Check: installed package size
Result: NOTE
installed size is 5.1Mb
sub-directories of 1Mb or more:
doc 4.4Mb
Flavors: r-devel-linux-x86_64-fedora-clang, r-devel-windows-x86_64, r-release-macos-arm64, r-release-macos-x86_64, r-release-windows-x86_64, r-oldrel-macos-arm64, r-oldrel-macos-x86_64, r-oldrel-windows-x86_64