Last updated on 2024-06-29 11:49:10 CEST.
Flavor | Version | Tinstall | Tcheck | Ttotal | Status | Flags |
---|---|---|---|---|---|---|
r-devel-linux-x86_64-debian-clang | 3.4.1 | 263.21 | 136.58 | 399.79 | OK | |
r-devel-linux-x86_64-debian-gcc | 3.4.1 | 227.43 | 103.43 | 330.86 | OK | |
r-devel-linux-x86_64-fedora-clang | 3.4.1 | 598.48 | NOTE | |||
r-devel-linux-x86_64-fedora-gcc | 3.4.1 | 700.13 | OK | |||
r-devel-windows-x86_64 | 3.4.1 | 237.00 | 158.00 | 395.00 | OK | |
r-patched-linux-x86_64 | 3.4.1 | 252.91 | 131.30 | 384.21 | OK | |
r-release-linux-x86_64 | 3.4.1 | 223.84 | 129.65 | 353.49 | OK | |
r-release-macos-arm64 | 3.4.1 | 134.00 | NOTE | |||
r-release-macos-x86_64 | 3.4.1 | 282.00 | NOTE | |||
r-release-windows-x86_64 | 3.4.1 | 253.00 | 154.00 | 407.00 | OK | |
r-oldrel-macos-arm64 | 3.4.1 | 131.00 | NOTE | |||
r-oldrel-macos-x86_64 | 3.4.1 | 226.00 | NOTE | |||
r-oldrel-windows-x86_64 | 3.4.1 | 301.00 | 201.00 | 502.00 | OK |
Version: 3.4.1
Check: installed package size
Result: NOTE
installed size is 9.0Mb
sub-directories of 1Mb or more:
libs 8.2Mb
Flavors: r-devel-linux-x86_64-fedora-clang, r-release-macos-arm64, r-release-macos-x86_64, r-oldrel-macos-arm64, r-oldrel-macos-x86_64