Last updated on 2024-07-02 01:57:05 CEST.
Flavor | Version | Tinstall | Tcheck | Ttotal | Status | Flags |
---|---|---|---|---|---|---|
r-devel-linux-x86_64-debian-clang | 3.1 | 12.51 | 90.71 | 103.22 | OK | |
r-devel-linux-x86_64-debian-gcc | 3.1 | 8.08 | 68.08 | 76.16 | OK | |
r-devel-linux-x86_64-fedora-clang | 3.1 | 129.12 | NOTE | |||
r-devel-linux-x86_64-fedora-gcc | 3.1 | 131.33 | OK | |||
r-devel-windows-x86_64 | 3.1 | 10.00 | 88.00 | 98.00 | OK | |
r-patched-linux-x86_64 | 3.1 | 12.99 | 85.90 | 98.89 | OK | |
r-release-linux-x86_64 | 3.1 | 8.20 | 85.91 | 94.11 | OK | |
r-release-macos-arm64 | 3.1 | 41.00 | OK | |||
r-release-macos-x86_64 | 3.1 | 64.00 | OK | |||
r-release-windows-x86_64 | 3.1 | 10.00 | 90.00 | 100.00 | OK | |
r-oldrel-macos-arm64 | 3.1 | 46.00 | OK | |||
r-oldrel-macos-x86_64 | 3.1 | 93.00 | OK | |||
r-oldrel-windows-x86_64 | 3.1 | 13.00 | 107.00 | 120.00 | OK |
Version: 3.1
Check: Rd cross-references
Result: NOTE
Undeclared package ‘betareg’ in Rd xrefs
Flavor: r-devel-linux-x86_64-fedora-clang