Last updated on 2025-04-30 01:50:15 CEST.
Flavor | Version | Tinstall | Tcheck | Ttotal | Status | Flags |
---|---|---|---|---|---|---|
r-devel-linux-x86_64-debian-clang | 0.2.2 | 7.17 | 107.61 | 114.78 | NOTE | |
r-devel-linux-x86_64-debian-gcc | 0.2.2 | 5.54 | 73.83 | 79.37 | NOTE | |
r-devel-linux-x86_64-fedora-clang | 0.2.2 | 175.57 | OK | |||
r-devel-linux-x86_64-fedora-gcc | 0.2.2 | 181.95 | OK | |||
r-devel-windows-x86_64 | 0.2.2 | 9.00 | 163.00 | 172.00 | OK | |
r-patched-linux-x86_64 | 0.2.2 | 10.74 | 102.62 | 113.36 | OK | |
r-release-linux-x86_64 | 0.2.2 | 6.89 | 101.98 | 108.87 | OK | |
r-release-macos-arm64 | 0.2.2 | 71.00 | OK | |||
r-release-macos-x86_64 | 0.2.2 | 129.00 | OK | |||
r-release-windows-x86_64 | 0.2.2 | 11.00 | 165.00 | 176.00 | OK | |
r-oldrel-macos-arm64 | 0.2.2 | 54.00 | OK | |||
r-oldrel-macos-x86_64 | 0.2.2 | 104.00 | OK | |||
r-oldrel-windows-x86_64 | 0.2.2 | 12.00 | 192.00 | 204.00 | OK |
Version: 0.2.2
Check: CRAN incoming feasibility
Result: NOTE
Maintainer: ‘Jochen Staudacher <jochen.staudacher@hs-kempten.de>’
Package CITATION file contains call(s) to old-style personList() or
as.personList(). Please use c() on person objects instead.
Package CITATION file contains call(s) to old-style citEntry(). Please
use bibentry() instead.
Flavors: r-devel-linux-x86_64-debian-clang, r-devel-linux-x86_64-debian-gcc