Last updated on 2025-04-29 13:51:19 CEST.
Flavor | Version | Tinstall | Tcheck | Ttotal | Status | Flags |
---|---|---|---|---|---|---|
r-devel-linux-x86_64-debian-clang | 0.1 | 14.53 | 127.38 | 141.91 | NOTE | |
r-devel-linux-x86_64-debian-gcc | 0.1 | 11.25 | 92.76 | 104.01 | NOTE | |
r-devel-linux-x86_64-fedora-clang | 0.1 | 229.97 | OK | |||
r-devel-linux-x86_64-fedora-gcc | 0.1 | 215.59 | OK | |||
r-devel-windows-x86_64 | 0.1 | 15.00 | 125.00 | 140.00 | OK | |
r-patched-linux-x86_64 | 0.1 | 14.64 | 122.35 | 136.99 | OK | |
r-release-linux-x86_64 | 0.1 | 14.69 | 121.17 | 135.86 | OK | |
r-release-macos-arm64 | 0.1 | 59.00 | OK | |||
r-release-macos-x86_64 | 0.1 | 160.00 | OK | |||
r-release-windows-x86_64 | 0.1 | 18.00 | 130.00 | 148.00 | OK | |
r-oldrel-macos-arm64 | 0.1 | 54.00 | OK | |||
r-oldrel-macos-x86_64 | 0.1 | 76.00 | OK | |||
r-oldrel-windows-x86_64 | 0.1 | 19.00 | 156.00 | 175.00 | OK |
Version: 0.1
Check: examples
Result: NOTE
Examples with CPU (user + system) or elapsed time > 5s
user system elapsed
conv.ann 5.850 0.095 7.573
conv.rt 5.232 0.162 6.317
Flavor: r-devel-linux-x86_64-debian-clang
Version: 0.1
Check: examples
Result: NOTE
Examples with CPU (user + system) or elapsed time > 5s
user system elapsed
conv.ann 3.745 0.036 5.16
Flavor: r-devel-linux-x86_64-debian-gcc