CRAN Package Check Results for Package CondMVT

Last updated on 2025-04-30 19:49:57 CEST.

Flavor Version Tinstall Tcheck Ttotal Status Flags
r-devel-linux-x86_64-debian-clang 0.1.0 2.40 33.45 35.85 NOTE
r-devel-linux-x86_64-debian-gcc 0.1.0 1.82 22.76 24.58 NOTE
r-devel-linux-x86_64-fedora-clang 0.1.0 54.84 OK
r-devel-linux-x86_64-fedora-gcc 0.1.0 55.63 OK
r-devel-windows-x86_64 0.1.0 4.00 53.00 57.00 NOTE
r-patched-linux-x86_64 0.1.0 2.90 31.26 34.16 NOTE
r-release-linux-x86_64 0.1.0 2.44 30.93 33.37 NOTE
r-release-macos-arm64 0.1.0 17.00 OK
r-release-macos-x86_64 0.1.0 35.00 OK
r-release-windows-x86_64 0.1.0 5.00 53.00 58.00 NOTE
r-oldrel-macos-arm64 0.1.0 20.00 OK
r-oldrel-macos-x86_64 0.1.0 27.00 OK
r-oldrel-windows-x86_64 0.1.0 3.00 56.00 59.00 OK

Check Details

Version: 0.1.0
Check: Rd cross-references
Result: NOTE Found the following Rd file(s) with Rd \link{} targets missing package anchors: pcmvt.Rd: pmvt, GenzBretz Please provide package anchors for all Rd \link{} targets not in the package itself and the base packages. Flavors: r-devel-linux-x86_64-debian-clang, r-devel-linux-x86_64-debian-gcc, r-devel-windows-x86_64, r-patched-linux-x86_64, r-release-linux-x86_64, r-release-windows-x86_64

Version: 0.1.0
Check: examples
Result: NOTE Examples with CPU (user + system) or elapsed time > 5s user system elapsed SMCEM_msteps 4.876 0.000 7.628 EM_Umsteps 2.782 0.054 5.751 Flavor: r-devel-linux-x86_64-debian-clang