Last updated on 2025-05-01 01:49:27 CEST.
Flavor | Version | Tinstall | Tcheck | Ttotal | Status | Flags |
---|---|---|---|---|---|---|
r-devel-linux-x86_64-debian-clang | 0.1.4.1 | 12.41 | 246.88 | 259.29 | NOTE | |
r-devel-linux-x86_64-debian-gcc | 0.1.4.1 | 7.88 | 183.73 | 191.61 | OK | |
r-devel-linux-x86_64-fedora-clang | 0.1.4.1 | 391.92 | OK | |||
r-devel-linux-x86_64-fedora-gcc | 0.1.4.1 | 428.74 | OK | |||
r-devel-windows-x86_64 | 0.1.4.1 | 12.00 | 315.00 | 327.00 | OK | |
r-patched-linux-x86_64 | 0.1.4.1 | 12.39 | 235.25 | 247.64 | OK | |
r-release-linux-x86_64 | 0.1.4.1 | 10.44 | 236.08 | 246.52 | OK | |
r-release-macos-arm64 | 0.1.4.1 | 201.00 | OK | |||
r-release-macos-x86_64 | 0.1.4.1 | 396.00 | OK | |||
r-release-windows-x86_64 | 0.1.4.1 | 12.00 | 317.00 | 329.00 | OK | |
r-oldrel-macos-arm64 | 0.1.4.1 | 165.00 | OK | |||
r-oldrel-macos-x86_64 | 0.1.4.1 | 481.00 | OK | |||
r-oldrel-windows-x86_64 | 0.1.4.1 | 15.00 | 369.00 | 384.00 | OK |
Version: 0.1.4.1
Check: examples
Result: NOTE
Examples with CPU (user + system) or elapsed time > 5s
user system elapsed
CKT.fit.GLM 4.259 0 5.866
Flavor: r-devel-linux-x86_64-debian-clang