Last updated on 2025-05-02 14:50:23 CEST.
Flavor | Version | Tinstall | Tcheck | Ttotal | Status | Flags |
---|---|---|---|---|---|---|
r-devel-linux-x86_64-debian-clang | 0.1.0 | 17.33 | 142.17 | 159.50 | OK | |
r-devel-linux-x86_64-debian-gcc | 0.1.0 | 12.52 | 103.30 | 115.82 | OK | |
r-devel-linux-x86_64-fedora-clang | 0.1.0 | 248.09 | OK | |||
r-devel-linux-x86_64-fedora-gcc | 0.1.0 | 226.15 | OK | |||
r-devel-windows-x86_64 | 0.1.0 | 19.00 | 139.00 | 158.00 | OK | |
r-patched-linux-x86_64 | 0.1.0 | 17.72 | 135.27 | 152.99 | OK | |
r-release-linux-x86_64 | OK | |||||
r-release-macos-arm64 | 0.1.0 | 62.00 | OK | |||
r-release-macos-x86_64 | 0.1.0 | 123.00 | ERROR | |||
r-release-windows-x86_64 | 0.1.0 | 18.00 | 135.00 | 153.00 | OK | |
r-oldrel-macos-arm64 | 0.1.0 | 70.00 | OK | |||
r-oldrel-macos-x86_64 | 0.1.0 | 165.00 | ERROR | |||
r-oldrel-windows-x86_64 | 0.1.0 | 24.00 | 164.00 | 188.00 | OK |
Version: 0.1.0
Check: examples
Result: ERROR
Running examples in ‘CompareMultipleModels-Ex.R’ failed
The error most likely occurred in:
> ### Name: best_model_finder
> ### Title: Finding the Best Model Using Eight Metrics Values
> ### Aliases: best_model_finder
>
> ### ** Examples
>
> set.seed(123) # for reproducibility
> Y <- rnorm(100, 100, 10)
> model_1 <-CEEMDANML::carigaan(Y, ratio = 0.8, n_lag = 4)
Error in optim(init[mask], armafn, method = optim.method, hessian = TRUE, :
non-finite finite-difference value [1]
Calls: <Anonymous> -> arima -> optim
Execution halted
Flavors: r-release-macos-x86_64, r-oldrel-macos-x86_64