CRAN Package Check Results for Package CompMix

Last updated on 2025-04-16 08:51:25 CEST.

Flavor Version Tinstall Tcheck Ttotal Status Flags
r-devel-linux-x86_64-debian-clang 0.1.0 15.53 108.59 124.12 OK
r-devel-linux-x86_64-debian-gcc 0.1.0 10.49 76.61 87.10 OK
r-devel-linux-x86_64-fedora-clang 0.1.0 197.47 NOTE
r-devel-linux-x86_64-fedora-gcc 0.1.0 185.94 NOTE
r-devel-windows-x86_64 0.1.0 19.00 109.00 128.00 OK
r-patched-linux-x86_64 0.1.0 14.98 103.30 118.28 OK
r-release-linux-x86_64 0.1.0 15.46 103.60 119.06 OK
r-release-macos-arm64 0.1.0 51.00 OK
r-release-macos-x86_64 0.1.0 100.00 OK
r-release-windows-x86_64 0.1.0 17.00 108.00 125.00 OK
r-oldrel-macos-arm64 0.1.0 53.00 OK
r-oldrel-macos-x86_64 0.1.0 74.00 OK
r-oldrel-windows-x86_64 0.1.0 23.00 147.00 170.00 OK

Check Details

Version: 0.1.0
Check: dependencies in R code
Result: NOTE Namespace in Imports field not imported from: ‘devtools’ All declared Imports should be used. Flavors: r-devel-linux-x86_64-fedora-clang, r-devel-linux-x86_64-fedora-gcc