Last updated on 2025-10-31 07:51:42 CET.
| Flavor | Version | Tinstall | Tcheck | Ttotal | Status | Flags | 
|---|---|---|---|---|---|---|
| r-devel-linux-x86_64-debian-clang | 1.0 | 2.56 | 27.12 | 29.68 | NOTE | |
| r-devel-linux-x86_64-debian-gcc | 1.0 | 1.89 | 20.04 | 21.93 | NOTE | |
| r-devel-linux-x86_64-fedora-clang | 1.0 | 23.00 | 22.91 | 45.91 | NOTE | |
| r-devel-linux-x86_64-fedora-gcc | 1.0 | 39.95 | NOTE | |||
| r-devel-windows-x86_64 | 1.0 | 4.00 | 48.00 | 52.00 | OK | |
| r-patched-linux-x86_64 | 1.0 | 2.22 | 24.62 | 26.84 | OK | |
| r-release-linux-x86_64 | 1.0 | 2.57 | 24.64 | 27.21 | OK | |
| r-release-macos-arm64 | 1.0 | 1.00 | 20.00 | 21.00 | OK | |
| r-release-macos-x86_64 | 1.0 | 2.00 | 29.00 | 31.00 | OK | |
| r-release-windows-x86_64 | 1.0 | 4.00 | 57.00 | 61.00 | OK | |
| r-oldrel-macos-arm64 | 1.0 | 1.00 | 16.00 | 17.00 | OK | |
| r-oldrel-macos-x86_64 | 1.0 | 2.00 | 23.00 | 25.00 | OK | |
| r-oldrel-windows-x86_64 | 1.0 | 7.00 | 52.00 | 59.00 | OK | 
Version: 1.0
Check: CRAN incoming feasibility
Result: NOTE
  Maintainer: ‘Saralees Nadarajah <Saralees.Nadarajah@manchester.ac.uk>’
  
  No Authors@R field in DESCRIPTION.
  Please add one, modifying
    Authors@R: c(person(given = "Martin",
                        family = "Wiegand",
                        role = "aut"),
                 person(given = "Saralees",
                        family = "Nadarajah",
                        role = c("aut", "cre"),
                        email = "saralees.nadarajah@manchester.ac.uk"))
  as necessary.
Flavors: r-devel-linux-x86_64-debian-clang, r-devel-linux-x86_64-debian-gcc
Version: 1.0
Check: dependencies in R code
Result: NOTE
  Namespaces in Imports field not imported from:
    ‘PearsonDS’ ‘VGAM’ ‘actuar’ ‘fExtremes’ ‘rmutil’
    All declared Imports should be used.
Flavors: r-devel-linux-x86_64-fedora-clang, r-devel-linux-x86_64-fedora-gcc