Last updated on 2025-10-31 20:48:35 CET.
| Flavor | Version | Tinstall | Tcheck | Ttotal | Status | Flags | 
|---|---|---|---|---|---|---|
| r-devel-linux-x86_64-debian-clang | 1.7.10 | 19.62 | 140.37 | 159.99 | NOTE | |
| r-devel-linux-x86_64-debian-gcc | 1.7.10 | 13.39 | 98.14 | 111.53 | NOTE | |
| r-devel-linux-x86_64-fedora-clang | 1.7.10 | 104.00 | 152.46 | 256.46 | OK | |
| r-devel-linux-x86_64-fedora-gcc | 1.7.10 | 106.00 | 140.95 | 246.95 | OK | |
| r-devel-windows-x86_64 | 1.7.10 | 20.00 | 140.00 | 160.00 | OK | |
| r-patched-linux-x86_64 | 1.7.10 | 19.77 | 127.69 | 147.46 | OK | |
| r-release-linux-x86_64 | 1.7.10 | 17.02 | 130.08 | 147.10 | OK | |
| r-release-macos-arm64 | 1.7.10 | 8.00 | 69.00 | 77.00 | OK | |
| r-release-macos-x86_64 | 1.7.10 | 14.00 | 109.00 | 123.00 | OK | |
| r-release-windows-x86_64 | 1.7.10 | 21.00 | 144.00 | 165.00 | OK | |
| r-oldrel-macos-arm64 | 1.7.10 | 9.00 | 56.00 | 65.00 | OK | |
| r-oldrel-macos-x86_64 | 1.7.10 | 14.00 | 78.00 | 92.00 | OK | |
| r-oldrel-windows-x86_64 | 1.7.10 | 30.00 | 188.00 | 218.00 | OK | 
Version: 1.7.10
Check: CRAN incoming feasibility
Result: NOTE
  Maintainer: ‘Luis Alfonso Perez Martos <lapm0001@gmail.com>’
  
  No Authors@R field in DESCRIPTION.
  Please add one, modifying
    Authors@R: person(given = c("Luis", "Alfonso", "Perez"),
                      family = "Martos",
                      role = c("aut", "cre"),
                      email = "lapm0001@gmail.com",
                      comment = c(ORCID = "0000-0002-5154-6105"))
  as necessary.
Flavors: r-devel-linux-x86_64-debian-clang, r-devel-linux-x86_64-debian-gcc