CRAN Package Check Results for Package CircularDDM

Last updated on 2025-04-30 01:50:14 CEST.

Flavor Version Tinstall Tcheck Ttotal Status Flags
r-devel-linux-x86_64-debian-clang 0.1.0 21.07 23.24 44.31 OK
r-devel-linux-x86_64-debian-gcc 0.1.0 15.76 18.85 34.61 OK
r-devel-linux-x86_64-fedora-clang 0.1.0 80.00 OK
r-devel-linux-x86_64-fedora-gcc 0.1.0 78.78 OK
r-devel-windows-x86_64 0.1.0 26.00 68.00 94.00 OK
r-patched-linux-x86_64 0.1.0 21.17 22.32 43.49 OK
r-release-linux-x86_64 0.1.0 20.66 22.04 42.70 OK
r-release-macos-arm64 0.1.0 33.00 OK
r-release-macos-x86_64 0.1.0 40.00 OK
r-release-windows-x86_64 0.1.0 25.00 64.00 89.00 OK
r-oldrel-macos-arm64 0.1.0 25.00 NOTE
r-oldrel-macos-x86_64 0.1.0 37.00 NOTE
r-oldrel-windows-x86_64 0.1.0 24.00 75.00 99.00 NOTE

Check Details

Version: 0.1.0
Check: LazyData
Result: NOTE 'LazyData' is specified without a 'data' directory Flavors: r-oldrel-macos-arm64, r-oldrel-macos-x86_64, r-oldrel-windows-x86_64