Last updated on 2024-06-29 23:49:48 CEST.
Flavor | Version | Tinstall | Tcheck | Ttotal | Status | Flags |
---|---|---|---|---|---|---|
r-devel-linux-x86_64-debian-clang | 3.6 | 68.81 | 512.75 | 581.56 | OK | |
r-devel-linux-x86_64-debian-gcc | 3.6 | 46.05 | 356.47 | 402.52 | OK | |
r-devel-linux-x86_64-fedora-clang | 3.6 | 717.46 | NOTE | |||
r-devel-linux-x86_64-fedora-gcc | 3.6 | 668.32 | NOTE | |||
r-devel-windows-x86_64 | 3.6 | 29.00 | 229.00 | 258.00 | OK | |
r-patched-linux-x86_64 | 3.6 | 63.98 | 491.90 | 555.88 | OK | |
r-release-linux-x86_64 | 3.6 | 63.61 | 493.37 | 556.98 | OK | |
r-release-macos-arm64 | 3.6 | 294.00 | OK | |||
r-release-macos-x86_64 | 3.6 | 293.00 | OK | |||
r-release-windows-x86_64 | 3.6 | 29.00 | 229.00 | 258.00 | OK | |
r-oldrel-macos-arm64 | 3.6 | 123.00 | OK | |||
r-oldrel-macos-x86_64 | 3.6 | 265.00 | OK | |||
r-oldrel-windows-x86_64 | 3.6 | 39.00 | 301.00 | 340.00 | OK |
Version: 3.6
Check: dependencies in R code
Result: NOTE
Namespace in Imports field not imported from: ‘Rcpp’
All declared Imports should be used.
Flavors: r-devel-linux-x86_64-fedora-clang, r-devel-linux-x86_64-fedora-gcc