Last updated on 2024-06-29 11:49:09 CEST.
Flavor | Version | Tinstall | Tcheck | Ttotal | Status | Flags |
---|---|---|---|---|---|---|
r-devel-linux-x86_64-debian-clang | 1.1.1 | 223.78 | 349.83 | 573.61 | NOTE | |
r-devel-linux-x86_64-debian-gcc | 1.1.1 | 183.02 | 279.37 | 462.39 | NOTE | |
r-devel-linux-x86_64-fedora-clang | 1.1.1 | 710.36 | NOTE | |||
r-devel-linux-x86_64-fedora-gcc | 1.1.1 | 860.02 | NOTE | |||
r-devel-windows-x86_64 | 1.1.1 | 186.00 | 337.00 | 523.00 | NOTE | |
r-patched-linux-x86_64 | 1.1.1 | 155.79 | 363.97 | 519.76 | NOTE | |
r-release-linux-x86_64 | 1.1.1 | 164.62 | 370.62 | 535.24 | NOTE | |
r-release-macos-arm64 | 1.1.1 | 206.00 | NOTE | |||
r-release-macos-x86_64 | 1.1.1 | 314.00 | NOTE | |||
r-release-windows-x86_64 | 1.1.1 | 180.00 | 334.00 | 514.00 | NOTE | |
r-oldrel-macos-arm64 | 1.1.1 | 210.00 | NOTE | |||
r-oldrel-macos-x86_64 | 1.1.1 | 496.00 | NOTE | |||
r-oldrel-windows-x86_64 | 1.1.1 | 223.00 | 412.00 | 635.00 | NOTE |
Version: 1.1.1
Check: for GNU extensions in Makefiles
Result: NOTE
GNU make is a SystemRequirements.
Flavors: r-devel-linux-x86_64-debian-clang, r-devel-linux-x86_64-debian-gcc, r-devel-linux-x86_64-fedora-clang, r-devel-linux-x86_64-fedora-gcc, r-devel-windows-x86_64, r-patched-linux-x86_64, r-release-linux-x86_64, r-release-macos-arm64, r-release-macos-x86_64, r-release-windows-x86_64, r-oldrel-macos-arm64, r-oldrel-macos-x86_64, r-oldrel-windows-x86_64
Version: 1.1.1
Check: installed package size
Result: NOTE
installed size is 53.6Mb
sub-directories of 1Mb or more:
libs 52.6Mb
Flavors: r-release-macos-arm64, r-release-macos-x86_64, r-oldrel-macos-arm64, r-oldrel-macos-x86_64