Last updated on 2025-05-07 16:52:02 CEST.
Flavor | Version | Tinstall | Tcheck | Ttotal | Status | Flags |
---|---|---|---|---|---|---|
r-devel-linux-x86_64-debian-clang | 1.0.1 | 3.43 | 33.98 | 37.41 | NOTE | |
r-devel-linux-x86_64-debian-gcc | 1.0.1 | 2.66 | 25.21 | 27.87 | NOTE | |
r-devel-linux-x86_64-fedora-clang | 1.0.1 | 59.88 | OK | |||
r-devel-linux-x86_64-fedora-gcc | 1.0.1 | 56.77 | OK | |||
r-devel-windows-x86_64 | 1.0.1 | 5.00 | 52.00 | 57.00 | OK | |
r-patched-linux-x86_64 | 1.0.1 | 3.61 | 32.57 | 36.18 | OK | |
r-release-linux-x86_64 | 1.0.1 | 3.16 | 31.80 | 34.96 | OK | |
r-release-macos-arm64 | 1.0.1 | 22.00 | OK | |||
r-release-macos-x86_64 | 1.0.1 | 36.00 | OK | |||
r-release-windows-x86_64 | 1.0.1 | 4.00 | 52.00 | 56.00 | OK | |
r-oldrel-macos-arm64 | 1.0.1 | 22.00 | OK | |||
r-oldrel-macos-x86_64 | 1.0.1 | 32.00 | OK | |||
r-oldrel-windows-x86_64 | 1.0.1 | 6.00 | 58.00 | 64.00 | OK |
Version: 1.0.1
Check: CRAN incoming feasibility
Result: NOTE
Maintainer: ‘Koen W. De Bock <kdebock@audencia.com>’
No Authors@R field in DESCRIPTION.
Please add one, modifying
Authors@R: c(person(given = c("Koen", "W."),
family = "De Bock",
role = c("aut", "cre"),
email = "kdebock@audencia.com"),
person(given = "Kristof",
family = "Coussement",
role = "aut"),
person(given = "Stefan",
family = "Lessmann",
role = "aut"))
as necessary.
Flavors: r-devel-linux-x86_64-debian-clang, r-devel-linux-x86_64-debian-gcc