Last updated on 2024-06-29 11:49:10 CEST.
Flavor | Version | Tinstall | Tcheck | Ttotal | Status | Flags |
---|---|---|---|---|---|---|
r-devel-linux-x86_64-debian-clang | 0.3.0 | 20.19 | 383.98 | 404.17 | OK | |
r-devel-linux-x86_64-debian-gcc | 0.3.0 | 14.16 | 303.91 | 318.07 | OK | |
r-devel-linux-x86_64-fedora-clang | 0.3.0 | 215.49 | NOTE | |||
r-devel-linux-x86_64-fedora-gcc | 0.3.0 | 201.40 | NOTE | |||
r-devel-windows-x86_64 | 0.3.0 | 17.00 | 318.00 | 335.00 | OK | |
r-patched-linux-x86_64 | 0.3.0 | 12.96 | 385.18 | 398.14 | OK | |
r-release-linux-x86_64 | 0.3.0 | 18.37 | 396.24 | 414.61 | OK | |
r-release-macos-arm64 | 0.3.0 | 171.00 | OK | |||
r-release-macos-x86_64 | 0.3.0 | 247.00 | OK | |||
r-release-windows-x86_64 | 0.3.0 | 16.00 | 318.00 | 334.00 | OK | |
r-oldrel-macos-arm64 | 0.3.0 | 115.00 | NOTE | |||
r-oldrel-macos-x86_64 | 0.3.0 | 229.00 | NOTE | |||
r-oldrel-windows-x86_64 | 0.3.0 | 21.00 | 379.00 | 400.00 | OK |
Version: 0.3.0
Check: package dependencies
Result: NOTE
Packages suggested but not available for checking: 'conos', 'pagoda2'
Flavors: r-devel-linux-x86_64-fedora-clang, r-devel-linux-x86_64-fedora-gcc
Version: 0.3.0
Check: package dependencies
Result: NOTE
Package suggested but not available for checking: ‘rhdf5’
Flavors: r-oldrel-macos-arm64, r-oldrel-macos-x86_64