CRAN Package Check Results for Package CPMCGLM

Last updated on 2025-05-19 20:49:48 CEST.

Flavor Version Tinstall Tcheck Ttotal Status Flags
r-devel-linux-x86_64-debian-clang 1.2 3.57 30.25 33.82 NOTE
r-devel-linux-x86_64-debian-gcc 1.2 2.77 22.95 25.72 NOTE
r-devel-linux-x86_64-fedora-clang 1.2 53.49 OK
r-devel-linux-x86_64-fedora-gcc 1.2 50.35 OK
r-devel-windows-x86_64 1.2 5.00 48.00 53.00 OK
r-patched-linux-x86_64 1.2 3.80 28.94 32.74 OK
r-release-linux-x86_64 1.2 3.81 29.06 32.87 OK
r-release-macos-arm64 1.2 20.00 OK
r-release-macos-x86_64 1.2 37.00 OK
r-release-windows-x86_64 1.2 5.00 53.00 58.00 OK
r-oldrel-macos-arm64 1.2 18.00 OK
r-oldrel-macos-x86_64 1.2 36.00 OK
r-oldrel-windows-x86_64 1.2 5.00 52.00 57.00 OK

Check Details

Version: 1.2
Check: CRAN incoming feasibility
Result: NOTE Maintainer: ‘Jeremie Riou <jeremie.riou@univ-angers.fr>’ No Authors@R field in DESCRIPTION. Please add one, modifying Authors@R: c(person(given = "Jeremie", family = "Riou", role = c("aut", "cre"), email = "jeremie.riou@univ-angers.fr"), person(given = "Benoit", family = "Liquet", role = "aut")) as necessary. Flavors: r-devel-linux-x86_64-debian-clang, r-devel-linux-x86_64-debian-gcc