Last updated on 2024-06-29 11:49:10 CEST.
Flavor | Version | Tinstall | Tcheck | Ttotal | Status | Flags |
---|---|---|---|---|---|---|
r-devel-linux-x86_64-debian-clang | 1.3.4 | 3.55 | 57.28 | 60.83 | NOTE | |
r-devel-linux-x86_64-debian-gcc | 1.3.4 | 2.87 | 42.84 | 45.71 | NOTE | |
r-devel-linux-x86_64-fedora-clang | 1.3.4 | 76.47 | NOTE | |||
r-devel-linux-x86_64-fedora-gcc | 1.3.4 | 74.02 | NOTE | |||
r-devel-windows-x86_64 | 1.3.4 | 4.00 | 82.00 | 86.00 | NOTE | |
r-patched-linux-x86_64 | 1.3.4 | 4.90 | 56.54 | 61.44 | NOTE | |
r-release-linux-x86_64 | 1.3.4 | 2.46 | 57.15 | 59.61 | NOTE | |
r-release-macos-arm64 | 1.3.4 | 29.00 | NOTE | |||
r-release-macos-x86_64 | 1.3.4 | 45.00 | NOTE | |||
r-release-windows-x86_64 | 1.3.4 | 5.00 | 83.00 | 88.00 | NOTE | |
r-oldrel-macos-arm64 | 1.3.4 | 28.00 | OK | |||
r-oldrel-macos-x86_64 | 1.3.4 | 44.00 | OK | |||
r-oldrel-windows-x86_64 | 1.3.4 | 5.00 | 87.00 | 92.00 | OK |
Version: 1.3.4
Check: Rd files
Result: NOTE
checkRd: (-1) fasttrakg.Rd:18: Lost braces
18 | \item{\code{killip}}{Killip level of cardiac event severity (1-4)age75}{1= Age>75; 0=Age<=75}
| ^
Flavors: r-devel-linux-x86_64-debian-clang, r-devel-linux-x86_64-debian-gcc, r-devel-linux-x86_64-fedora-clang, r-devel-linux-x86_64-fedora-gcc, r-devel-windows-x86_64, r-patched-linux-x86_64, r-release-linux-x86_64, r-release-macos-arm64, r-release-macos-x86_64, r-release-windows-x86_64