Last updated on 2024-06-29 11:49:09 CEST.
Flavor | Version | Tinstall | Tcheck | Ttotal | Status | Flags |
---|---|---|---|---|---|---|
r-devel-linux-x86_64-debian-clang | 0.1.3 | 49.32 | 213.26 | 262.58 | OK | |
r-devel-linux-x86_64-debian-gcc | 0.1.3 | 30.40 | 151.28 | 181.68 | OK | |
r-devel-linux-x86_64-fedora-clang | 0.1.3 | 333.05 | NOTE | |||
r-devel-linux-x86_64-fedora-gcc | 0.1.3 | 334.71 | OK | |||
r-devel-windows-x86_64 | 0.1.3 | 40.00 | 169.00 | 209.00 | NOTE | |
r-patched-linux-x86_64 | 0.1.3 | 41.35 | 201.37 | 242.72 | OK | |
r-release-linux-x86_64 | 0.1.3 | 27.25 | 198.16 | 225.41 | OK | |
r-release-macos-arm64 | 0.1.3 | 77.00 | NOTE | |||
r-release-macos-x86_64 | 0.1.3 | 125.00 | NOTE | |||
r-release-windows-x86_64 | 0.1.3 | 37.00 | 170.00 | 207.00 | NOTE | |
r-oldrel-macos-arm64 | 0.1.3 | 99.00 | NOTE | |||
r-oldrel-macos-x86_64 | 0.1.3 | 144.00 | NOTE | |||
r-oldrel-windows-x86_64 | 0.1.3 | 48.00 | 212.00 | 260.00 | NOTE |
Version: 0.1.3
Check: installed package size
Result: NOTE
installed size is 6.0Mb
sub-directories of 1Mb or more:
data 1.1Mb
doc 3.6Mb
help 1.0Mb
Flavors: r-devel-linux-x86_64-fedora-clang, r-devel-windows-x86_64, r-release-macos-arm64, r-release-macos-x86_64, r-release-windows-x86_64, r-oldrel-macos-arm64, r-oldrel-macos-x86_64, r-oldrel-windows-x86_64