Last updated on 2025-04-29 13:51:18 CEST.
Flavor | Version | Tinstall | Tcheck | Ttotal | Status | Flags |
---|---|---|---|---|---|---|
r-devel-linux-x86_64-debian-clang | 0.1.0 | 29.84 | 64.62 | 94.46 | NOTE | |
r-devel-linux-x86_64-debian-gcc | 0.1.0 | 21.00 | 47.29 | 68.29 | NOTE | |
r-devel-linux-x86_64-fedora-clang | 0.1.0 | 166.14 | NOTE | |||
r-devel-linux-x86_64-fedora-gcc | 0.1.0 | 165.24 | NOTE | |||
r-devel-windows-x86_64 | 0.1.0 | 37.00 | 91.00 | 128.00 | NOTE | |
r-patched-linux-x86_64 | 0.1.0 | 27.79 | 60.86 | 88.65 | NOTE | |
r-release-linux-x86_64 | 0.1.0 | 28.23 | 60.29 | 88.52 | NOTE | |
r-release-macos-arm64 | 0.1.0 | 44.00 | NOTE | |||
r-release-macos-x86_64 | 0.1.0 | 76.00 | NOTE | |||
r-release-windows-x86_64 | 0.1.0 | 40.00 | 91.00 | 131.00 | NOTE | |
r-oldrel-macos-arm64 | 0.1.0 | 41.00 | NOTE | |||
r-oldrel-macos-x86_64 | 0.1.0 | 69.00 | NOTE | |||
r-oldrel-windows-x86_64 | 0.1.0 | 43.00 | 116.00 | 159.00 | NOTE |
Version: 0.1.0
Check: C++ specification
Result: NOTE
Specified C++11: please drop specification unless essential
Flavors: r-devel-linux-x86_64-debian-clang, r-devel-linux-x86_64-debian-gcc, r-devel-linux-x86_64-fedora-clang, r-devel-linux-x86_64-fedora-gcc, r-devel-windows-x86_64, r-patched-linux-x86_64, r-release-linux-x86_64, r-release-macos-arm64, r-release-macos-x86_64, r-release-windows-x86_64, r-oldrel-macos-arm64, r-oldrel-macos-x86_64, r-oldrel-windows-x86_64