Last updated on 2024-06-29 11:49:09 CEST.
Flavor | Version | Tinstall | Tcheck | Ttotal | Status | Flags |
---|---|---|---|---|---|---|
r-devel-linux-x86_64-debian-clang | 4.0 | 96.59 | 324.27 | 420.86 | OK | |
r-devel-linux-x86_64-debian-gcc | 4.0 | 81.49 | 230.43 | 311.92 | OK | |
r-devel-linux-x86_64-fedora-clang | 4.0 | 546.31 | OK | |||
r-devel-linux-x86_64-fedora-gcc | 4.0 | 570.45 | OK | |||
r-devel-windows-x86_64 | 4.0 | 81.00 | 244.00 | 325.00 | OK | |
r-patched-linux-x86_64 | 4.0 | 65.62 | 306.05 | 371.67 | OK | |
r-release-linux-x86_64 | 4.0 | 94.22 | 300.52 | 394.74 | OK | |
r-release-macos-arm64 | 4.0 | 133.00 | NOTE | |||
r-release-macos-x86_64 | 4.0 | 226.00 | NOTE | |||
r-release-windows-x86_64 | 4.0 | 80.00 | 246.00 | 326.00 | OK | |
r-oldrel-macos-arm64 | 4.0 | 176.00 | NOTE | |||
r-oldrel-macos-x86_64 | 4.0 | 298.00 | NOTE | |||
r-oldrel-windows-x86_64 | 4.0 | 102.00 | 311.00 | 413.00 | OK |
Version: 4.0
Check: installed package size
Result: NOTE
installed size is 8.1Mb
sub-directories of 1Mb or more:
R 1.0Mb
libs 5.9Mb
Flavors: r-release-macos-arm64, r-release-macos-x86_64, r-oldrel-macos-arm64, r-oldrel-macos-x86_64