Last updated on 2024-07-02 19:48:07 CEST.
Flavor | Version | Tinstall | Tcheck | Ttotal | Status | Flags |
---|---|---|---|---|---|---|
r-devel-linux-x86_64-debian-clang | 2.1.6 | 175.01 | 80.78 | 255.79 | OK | |
r-devel-linux-x86_64-debian-gcc | 2.1.6 | 120.47 | 59.67 | 180.14 | OK | |
r-devel-linux-x86_64-fedora-clang | 2.1.6 | 364.05 | OK | |||
r-devel-linux-x86_64-fedora-gcc | 2.1.6 | 393.65 | OK | |||
r-devel-windows-x86_64 | 2.1.6 | 137.00 | 118.00 | 255.00 | OK | |
r-patched-linux-x86_64 | 2.1.6 | 143.84 | 79.41 | 223.25 | OK | |
r-release-linux-x86_64 | 2.1.6 | 142.86 | 76.73 | 219.59 | OK | |
r-release-macos-arm64 | 2.1.6 | 109.00 | NOTE | |||
r-release-macos-x86_64 | 2.1.6 | 161.00 | NOTE | |||
r-release-windows-x86_64 | 2.1.6 | 137.00 | 121.00 | 258.00 | OK | |
r-oldrel-macos-arm64 | 2.1.6 | 89.00 | NOTE | |||
r-oldrel-macos-x86_64 | 2.1.6 | 153.00 | NOTE | |||
r-oldrel-windows-x86_64 | 2.1.6 | 161.00 | 133.00 | 294.00 | OK |
Version: 2.1.6
Check: installed package size
Result: NOTE
installed size is 8.0Mb
sub-directories of 1Mb or more:
libs 7.5Mb
Flavors: r-release-macos-arm64, r-release-macos-x86_64, r-oldrel-macos-arm64, r-oldrel-macos-x86_64