Last updated on 2024-07-03 01:49:00 CEST.
Flavor | Version | Tinstall | Tcheck | Ttotal | Status | Flags |
---|---|---|---|---|---|---|
r-devel-linux-x86_64-debian-clang | 0.1.4 | 37.48 | 33.58 | 71.06 | NOTE | |
r-devel-linux-x86_64-debian-gcc | 0.1.4 | 27.84 | 25.78 | 53.62 | NOTE | |
r-devel-linux-x86_64-fedora-clang | 0.1.4 | 102.67 | NOTE | |||
r-devel-linux-x86_64-fedora-gcc | 0.1.4 | 103.74 | NOTE | |||
r-devel-windows-x86_64 | 0.1.4 | 33.00 | 70.00 | 103.00 | NOTE | |
r-patched-linux-x86_64 | 0.1.4 | 34.39 | 31.09 | 65.48 | NOTE | |
r-release-linux-x86_64 | 0.1.4 | 31.86 | 32.32 | 64.18 | NOTE | |
r-release-macos-arm64 | 0.1.4 | 28.00 | NOTE | |||
r-release-macos-x86_64 | 0.1.4 | 43.00 | NOTE | |||
r-release-windows-x86_64 | 0.1.4 | 34.00 | 74.00 | 108.00 | NOTE | |
r-oldrel-macos-arm64 | 0.1.4 | 30.00 | NOTE | |||
r-oldrel-macos-x86_64 | 0.1.4 | 51.00 | NOTE | |||
r-oldrel-windows-x86_64 | 0.1.4 | 40.00 | 80.00 | 120.00 | NOTE |
Version: 0.1.4
Check: C++ specification
Result: NOTE
Specified C++11: please drop specification unless essential
Flavors: r-devel-linux-x86_64-debian-clang, r-devel-linux-x86_64-debian-gcc, r-devel-linux-x86_64-fedora-clang, r-devel-linux-x86_64-fedora-gcc, r-devel-windows-x86_64, r-patched-linux-x86_64, r-release-linux-x86_64, r-release-macos-arm64, r-release-macos-x86_64, r-release-windows-x86_64, r-oldrel-macos-arm64, r-oldrel-macos-x86_64, r-oldrel-windows-x86_64
Version: 0.1.4
Check: package subdirectories
Result: NOTE
Problems with news in ‘NEWS.md’:
No news entries found.
Flavors: r-devel-linux-x86_64-debian-clang, r-devel-linux-x86_64-debian-gcc, r-devel-linux-x86_64-fedora-clang, r-devel-linux-x86_64-fedora-gcc, r-devel-windows-x86_64, r-patched-linux-x86_64, r-release-linux-x86_64, r-release-macos-arm64, r-release-macos-x86_64, r-release-windows-x86_64, r-oldrel-macos-arm64, r-oldrel-macos-x86_64, r-oldrel-windows-x86_64