Last updated on 2025-05-01 14:49:05 CEST.
Flavor | Version | Tinstall | Tcheck | Ttotal | Status | Flags |
---|---|---|---|---|---|---|
r-devel-linux-x86_64-debian-clang | 0.1.0 | 6.51 | 75.09 | 81.60 | NOTE | |
r-devel-linux-x86_64-debian-gcc | 0.1.0 | 4.05 | 51.50 | 55.55 | OK | |
r-devel-linux-x86_64-fedora-clang | 0.1.0 | 118.69 | OK | |||
r-devel-linux-x86_64-fedora-gcc | 0.1.0 | 117.78 | OK | |||
r-devel-windows-x86_64 | 0.1.0 | 7.00 | 80.00 | 87.00 | OK | |
r-patched-linux-x86_64 | 0.1.0 | 5.40 | 69.37 | 74.77 | OK | |
r-release-linux-x86_64 | OK | |||||
r-release-macos-arm64 | 0.1.0 | 38.00 | OK | |||
r-release-macos-x86_64 | 0.1.0 | 63.00 | OK | |||
r-release-windows-x86_64 | 0.1.0 | 8.00 | 82.00 | 90.00 | OK | |
r-oldrel-macos-arm64 | 0.1.0 | 34.00 | OK | |||
r-oldrel-macos-x86_64 | 0.1.0 | 66.00 | OK | |||
r-oldrel-windows-x86_64 | 0.1.0 | 9.00 | 102.00 | 111.00 | OK |
Version: 0.1.0
Check: examples
Result: NOTE
Examples with CPU (user + system) or elapsed time > 5s
user system elapsed
test_extrapolation 6.775 0.053 8.951
estimate_oc_stock 6.213 0.011 6.820
estimate_oc 5.204 0.039 6.005
estimate_seq_rate 4.879 0.016 5.700
Flavor: r-devel-linux-x86_64-debian-clang
Version: 0.1.0
Check: examples
Result: NA
user system elapsed
test_extrapolation 4.072 0.067 5.960
estimate_oc_stock 3.699 0.059 5.576
OK
Flavor: r-devel-linux-x86_64-debian-gcc