Last updated on 2025-04-29 07:50:09 CEST.
Flavor | Version | Tinstall | Tcheck | Ttotal | Status | Flags |
---|---|---|---|---|---|---|
r-devel-linux-x86_64-debian-clang | 1.8.4 | 8.80 | 69.39 | 78.19 | OK | |
r-devel-linux-x86_64-debian-gcc | 1.8.4 | 6.71 | 52.17 | 58.88 | NOTE | |
r-devel-linux-x86_64-fedora-clang | 1.8.4 | 122.88 | OK | |||
r-devel-linux-x86_64-fedora-gcc | 1.8.4 | 124.97 | OK | |||
r-devel-windows-x86_64 | 1.8.4 | 10.00 | 78.00 | 88.00 | OK | |
r-patched-linux-x86_64 | 1.8.4 | 9.30 | 66.75 | 76.05 | OK | |
r-release-linux-x86_64 | 1.8.4 | 6.06 | 65.69 | 71.75 | OK | |
r-release-macos-arm64 | 1.8.4 | 44.00 | OK | |||
r-release-macos-x86_64 | 1.8.4 | 83.00 | OK | |||
r-release-windows-x86_64 | 1.8.4 | 12.00 | 84.00 | 96.00 | OK | |
r-oldrel-macos-arm64 | 1.8.4 | 39.00 | OK | |||
r-oldrel-macos-x86_64 | 1.8.4 | 56.00 | OK | |||
r-oldrel-windows-x86_64 | 1.8.4 | 13.00 | 97.00 | 110.00 | OK |
Version: 1.8.4
Check: CRAN incoming feasibility
Result: NOTE
Maintainer: ‘Fabio Ashtar Telarico <telaricof@fdv.uni-lj.si>’
Package CITATION file contains call(s) to old-style citEntry(). Please
use bibentry() instead.
Flavor: r-devel-linux-x86_64-debian-gcc