Last updated on 2024-07-02 01:57:04 CEST.
Flavor | Version | Tinstall | Tcheck | Ttotal | Status | Flags |
---|---|---|---|---|---|---|
r-devel-linux-x86_64-debian-clang | 3.0 | 13.93 | 92.24 | 106.17 | OK | |
r-devel-linux-x86_64-debian-gcc | 3.0 | 8.17 | 67.90 | 76.07 | OK | |
r-devel-linux-x86_64-fedora-clang | 3.0 | 131.59 | NOTE | |||
r-devel-linux-x86_64-fedora-gcc | 3.0 | 135.80 | OK | |||
r-devel-windows-x86_64 | 3.0 | 10.00 | 89.00 | 99.00 | OK | |
r-patched-linux-x86_64 | 3.0 | 11.44 | 86.51 | 97.95 | OK | |
r-release-linux-x86_64 | 3.0 | 9.19 | 88.38 | 97.57 | OK | |
r-release-macos-arm64 | 3.0 | 45.00 | OK | |||
r-release-macos-x86_64 | 3.0 | 96.00 | OK | |||
r-release-windows-x86_64 | 3.0 | 10.00 | 90.00 | 100.00 | OK | |
r-oldrel-macos-arm64 | 3.0 | 53.00 | OK | |||
r-oldrel-macos-x86_64 | 3.0 | 114.00 | OK | |||
r-oldrel-windows-x86_64 | 3.0 | 12.00 | 105.00 | 117.00 | OK |
Version: 3.0
Check: Rd cross-references
Result: NOTE
Undeclared packages ‘CountsEPPM’, ‘betareg’ in Rd xrefs
Flavor: r-devel-linux-x86_64-fedora-clang