Last updated on 2024-06-29 23:49:47 CEST.
Flavor | Version | Tinstall | Tcheck | Ttotal | Status | Flags |
---|---|---|---|---|---|---|
r-devel-linux-x86_64-debian-clang | 0.1.5 | 24.69 | 36.75 | 61.44 | OK | |
r-devel-linux-x86_64-debian-gcc | 0.1.5 | 14.07 | 28.06 | 42.13 | OK | |
r-devel-linux-x86_64-fedora-clang | 0.1.5 | 80.17 | NOTE | |||
r-devel-linux-x86_64-fedora-gcc | 0.1.5 | 75.02 | NOTE | |||
r-devel-windows-x86_64 | 0.1.5 | 19.00 | 65.00 | 84.00 | OK | |
r-patched-linux-x86_64 | 0.1.5 | 18.79 | 35.31 | 54.10 | OK | |
r-release-linux-x86_64 | 0.1.5 | 17.11 | 36.19 | 53.30 | OK | |
r-release-macos-arm64 | 0.1.5 | 27.00 | OK | |||
r-release-macos-x86_64 | 0.1.5 | 35.00 | OK | |||
r-release-windows-x86_64 | 0.1.5 | 20.00 | 65.00 | 85.00 | OK | |
r-oldrel-macos-arm64 | 0.1.5 | 27.00 | OK | |||
r-oldrel-macos-x86_64 | 0.1.5 | 38.00 | OK | |||
r-oldrel-windows-x86_64 | 0.1.5 | 22.00 | 75.00 | 97.00 | OK |
Version: 0.1.5
Check: dependencies in R code
Result: NOTE
Namespace in Imports field not imported from: ‘BiDAG’
All declared Imports should be used.
Flavors: r-devel-linux-x86_64-fedora-clang, r-devel-linux-x86_64-fedora-gcc