Last updated on 2025-10-31 14:49:36 CET.
| Flavor | Version | Tinstall | Tcheck | Ttotal | Status | Flags | 
|---|---|---|---|---|---|---|
| r-devel-linux-x86_64-debian-clang | 1.0.1 | 1.93 | 33.34 | 35.27 | NOTE | |
| r-devel-linux-x86_64-debian-gcc | 1.0.1 | 1.67 | 23.96 | 25.63 | NOTE | |
| r-devel-linux-x86_64-fedora-clang | 1.0.1 | 54.35 | NOTE | |||
| r-devel-linux-x86_64-fedora-gcc | 1.0.1 | 55.15 | NOTE | |||
| r-devel-windows-x86_64 | 1.0.1 | 4.00 | 48.00 | 52.00 | NOTE | |
| r-patched-linux-x86_64 | 1.0.1 | 2.09 | 31.37 | 33.46 | NOTE | |
| r-release-linux-x86_64 | 1.0.1 | 1.82 | 31.84 | 33.66 | NOTE | |
| r-release-macos-arm64 | 1.0.1 | 1.00 | 20.00 | 21.00 | NOTE | |
| r-release-macos-x86_64 | 1.0.1 | 2.00 | 37.00 | 39.00 | NOTE | |
| r-release-windows-x86_64 | 1.0.1 | 2.00 | 49.00 | 51.00 | NOTE | |
| r-oldrel-macos-arm64 | 1.0.1 | 1.00 | 24.00 | 25.00 | NOTE | |
| r-oldrel-macos-x86_64 | 1.0.1 | 2.00 | 26.00 | 28.00 | NOTE | |
| r-oldrel-windows-x86_64 | 1.0.1 | 3.00 | 60.00 | 63.00 | NOTE | 
Version: 1.0.1
Check: CRAN incoming feasibility
Result: NOTE
  Maintainer: ‘Alexia Jolicoeur-Martineau <alexia.jolicoeur-martineau@mail.mcgill.ca>’
  
  No Authors@R field in DESCRIPTION.
  Please add one, modifying
    Authors@R: person(given = "Alexia",
                      family = "Jolicoeur-Martineau",
                      role = c("aut", "cre"),
                      email = "alexia.jolicoeur-martineau@mail.mcgill.ca")
  as necessary.
Flavors: r-devel-linux-x86_64-debian-clang, r-devel-linux-x86_64-debian-gcc
Version: 1.0.1
Check: Rd files
Result: NOTE
  checkRd: (-1) BayesTreePrior.Rd:38: Lost braces in \itemize; meant \describe ?
  checkRd: (-1) BayesTreePrior.Rd:39: Lost braces in \itemize; meant \describe ?
  checkRd: (-1) BayesTreePrior.Rd:40: Lost braces in \itemize; meant \describe ?
  checkRd: (-1) BayesTreePrior.Rd:41: Lost braces in \itemize; meant \describe ?
Flavors: r-devel-linux-x86_64-debian-clang, r-devel-linux-x86_64-debian-gcc, r-devel-linux-x86_64-fedora-clang, r-devel-linux-x86_64-fedora-gcc, r-devel-windows-x86_64, r-patched-linux-x86_64, r-release-linux-x86_64, r-release-macos-arm64, r-release-macos-x86_64, r-release-windows-x86_64, r-oldrel-macos-arm64, r-oldrel-macos-x86_64, r-oldrel-windows-x86_64