Last updated on 2025-05-09 04:51:51 CEST.
Flavor | Version | Tinstall | Tcheck | Ttotal | Status | Flags |
---|---|---|---|---|---|---|
r-devel-linux-x86_64-debian-clang | 0.3.2 | 5.78 | 205.09 | 210.87 | OK | |
r-devel-linux-x86_64-debian-gcc | 0.3.2 | 4.71 | 143.01 | 147.72 | OK | |
r-devel-linux-x86_64-fedora-clang | 0.3.2 | 349.82 | NOTE | |||
r-devel-linux-x86_64-fedora-gcc | 0.3.2 | 360.59 | NOTE | |||
r-devel-windows-x86_64 | 0.3.2 | 10.00 | 238.00 | 248.00 | OK | |
r-patched-linux-x86_64 | 0.3.2 | 5.79 | 189.93 | 195.72 | OK | |
r-release-linux-x86_64 | 0.3.2 | 5.24 | 191.43 | 196.67 | OK | |
r-release-macos-arm64 | 0.3.2 | 99.00 | OK | |||
r-release-macos-x86_64 | 0.3.2 | 219.00 | OK | |||
r-release-windows-x86_64 | 0.3.2 | 9.00 | 237.00 | 246.00 | OK | |
r-oldrel-macos-arm64 | 0.3.2 | 92.00 | OK | |||
r-oldrel-macos-x86_64 | 0.3.2 | 136.00 | OK | |||
r-oldrel-windows-x86_64 | 0.3.2 | 10.00 | 286.00 | 296.00 | OK |
Version: 0.3.2
Check: dependencies in R code
Result: NOTE
Namespaces in Imports field not imported from:
‘HDInterval’ ‘MCMCpack’ ‘R2WinBUGS’ ‘R2jags’ ‘carData’ ‘rjags’
All declared Imports should be used.
Flavors: r-devel-linux-x86_64-fedora-clang, r-devel-linux-x86_64-fedora-gcc