Last updated on 2024-07-02 01:57:03 CEST.
Flavor | Version | Tinstall | Tcheck | Ttotal | Status | Flags |
---|---|---|---|---|---|---|
r-devel-linux-x86_64-debian-clang | 1.1.2 | 127.73 | 298.70 | 426.43 | OK | |
r-devel-linux-x86_64-debian-gcc | 1.1.2 | 96.38 | 194.11 | 290.49 | OK | |
r-devel-linux-x86_64-fedora-clang | 1.1.2 | 561.39 | OK | |||
r-devel-linux-x86_64-fedora-gcc | 1.1.2 | 638.10 | OK | |||
r-devel-windows-x86_64 | 1.1.2 | 99.00 | 526.00 | 625.00 | OK | |
r-patched-linux-x86_64 | 1.1.2 | 110.39 | 311.34 | 421.73 | OK | |
r-release-linux-x86_64 | 1.1.2 | 114.78 | 305.29 | 420.07 | OK | |
r-release-macos-arm64 | 1.1.2 | 143.00 | NOTE | |||
r-release-macos-x86_64 | 1.1.2 | 191.00 | NOTE | |||
r-release-windows-x86_64 | 1.1.2 | 99.00 | 521.00 | 620.00 | OK | |
r-oldrel-macos-arm64 | 1.1.2 | 145.00 | NOTE | |||
r-oldrel-macos-x86_64 | 1.1.2 | 329.00 | NOTE | |||
r-oldrel-windows-x86_64 | 1.1.2 | 120.00 | 540.00 | 660.00 | OK |
Version: 1.1.2
Check: installed package size
Result: NOTE
installed size is 13.0Mb
sub-directories of 1Mb or more:
libs 12.7Mb
Flavors: r-release-macos-arm64, r-release-macos-x86_64, r-oldrel-macos-arm64, r-oldrel-macos-x86_64