Last updated on 2025-04-29 19:50:26 CEST.
Flavor | Version | Tinstall | Tcheck | Ttotal | Status | Flags |
---|---|---|---|---|---|---|
r-devel-linux-x86_64-debian-clang | 2.2.3 | 225.42 | 198.22 | 423.64 | NOTE | |
r-devel-linux-x86_64-debian-gcc | 2.2.3 | 156.41 | 130.43 | 286.84 | NOTE | |
r-devel-linux-x86_64-fedora-clang | 2.2.3 | 784.31 | OK | |||
r-devel-linux-x86_64-fedora-gcc | 2.2.3 | 861.90 | OK | |||
r-devel-windows-x86_64 | 2.2.3 | 259.00 | 246.00 | 505.00 | OK | |
r-patched-linux-x86_64 | 2.2.3 | 229.17 | 206.94 | 436.11 | OK | |
r-release-linux-x86_64 | 2.2.3 | 221.99 | 186.22 | 408.21 | OK | |
r-release-macos-arm64 | 2.2.3 | 222.00 | OK | |||
r-release-macos-x86_64 | 2.2.3 | 235.00 | OK | |||
r-release-windows-x86_64 | 2.2.3 | 262.00 | 253.00 | 515.00 | OK | |
r-oldrel-macos-arm64 | 2.2.3 | 170.00 | NOTE | |||
r-oldrel-macos-x86_64 | 2.2.3 | 287.00 | NOTE | |||
r-oldrel-windows-x86_64 | 2.2.3 | 291.00 | 309.00 | 600.00 | NOTE |
Version: 2.2.3
Check: examples
Result: NOTE
Examples with CPU (user + system) or elapsed time > 5s
user system elapsed
plot_top_k 6.832 0.063 7.948
compute_mallows 6.649 0.173 8.944
predict_top_k 6.595 0.071 7.901
compute_mallows_mixtures 5.950 0.027 8.407
plot_elbow 5.696 0.004 6.566
Flavor: r-devel-linux-x86_64-debian-clang
Version: 2.2.3
Check: examples
Result: NOTE
Examples with CPU (user + system) or elapsed time > 5s
user system elapsed
compute_mallows 4.282 0.118 5.830
plot_top_k 4.212 0.023 5.309
predict_top_k 3.960 0.066 5.304
Flavor: r-devel-linux-x86_64-debian-gcc
Version: 2.2.3
Check: installed package size
Result: NOTE
installed size is 13.9Mb
sub-directories of 1Mb or more:
doc 2.7Mb
libs 10.4Mb
Flavors: r-oldrel-macos-arm64, r-oldrel-macos-x86_64, r-oldrel-windows-x86_64