Last updated on 2024-07-02 01:57:03 CEST.
Flavor | Version | Tinstall | Tcheck | Ttotal | Status | Flags |
---|---|---|---|---|---|---|
r-devel-linux-x86_64-debian-clang | 0.0.3 | 1168.97 | 234.22 | 1403.19 | NOTE | |
r-devel-linux-x86_64-debian-gcc | 0.0.3 | 992.52 | 244.76 | 1237.28 | NOTE | |
r-devel-linux-x86_64-fedora-clang | 0.0.3 | 1673.92 | NOTE | |||
r-devel-linux-x86_64-fedora-gcc | 0.0.3 | 2632.46 | NOTE | |||
r-devel-windows-x86_64 | 0.0.3 | 879.00 | 273.00 | 1152.00 | NOTE | |
r-patched-linux-x86_64 | 0.0.3 | 787.06 | 313.92 | 1100.98 | NOTE | |
r-release-linux-x86_64 | 0.0.3 | 0.01 | 2.46 | 2.47 | ERROR | |
r-release-macos-arm64 | 0.0.3 | 439.00 | NOTE | |||
r-release-macos-x86_64 | 0.0.3 | 482.00 | NOTE | |||
r-release-windows-x86_64 | 0.0.3 | 875.00 | 276.00 | 1151.00 | NOTE | |
r-oldrel-macos-arm64 | 0.0.3 | 440.00 | NOTE | |||
r-oldrel-macos-x86_64 | 0.0.3 | 426.00 | NOTE | |||
r-oldrel-windows-x86_64 | 0.0.3 | 1139.00 | 319.00 | 1458.00 | NOTE |
Version: 0.0.3
Check: for GNU extensions in Makefiles
Result: NOTE
GNU make is a SystemRequirements.
Flavors: r-devel-linux-x86_64-debian-clang, r-devel-linux-x86_64-debian-gcc, r-devel-linux-x86_64-fedora-clang, r-devel-linux-x86_64-fedora-gcc, r-devel-windows-x86_64, r-patched-linux-x86_64, r-release-macos-arm64, r-release-macos-x86_64, r-release-windows-x86_64, r-oldrel-macos-arm64, r-oldrel-macos-x86_64, r-oldrel-windows-x86_64
Version: 0.0.3
Check: installed package size
Result: NOTE
installed size is 9.8Mb
sub-directories of 1Mb or more:
libs 9.2Mb
Flavors: r-devel-linux-x86_64-fedora-clang, r-devel-windows-x86_64, r-release-macos-arm64, r-release-macos-x86_64, r-release-windows-x86_64, r-oldrel-macos-arm64, r-oldrel-macos-x86_64, r-oldrel-windows-x86_64
Version: 0.0.3
Check: dependencies in R code
Result: NOTE
Namespaces in Imports field not imported from:
‘RcppParallel’ ‘rstantools’
All declared Imports should be used.
Flavors: r-devel-linux-x86_64-fedora-clang, r-devel-linux-x86_64-fedora-gcc
Version: 0.0.3
Check: whether package can be installed
Result: ERROR
Installation failed.
Flavor: r-release-linux-x86_64