Last updated on 2024-06-08 02:51:44 CEST.
Flavor | Version | Tinstall | Tcheck | Ttotal | Status | Flags |
---|---|---|---|---|---|---|
r-devel-linux-x86_64-debian-clang | 0.1-2 | 49.61 | 36.21 | 85.82 | NOTE | |
r-devel-linux-x86_64-debian-gcc | 0.1-2 | 35.34 | 27.13 | 62.47 | NOTE | |
r-devel-linux-x86_64-fedora-clang | 0.1-2 | 124.49 | NOTE | |||
r-devel-linux-x86_64-fedora-gcc | 0.1-2 | 125.63 | NOTE | |||
r-devel-windows-x86_64 | 0.1-2 | 40.00 | 63.00 | 103.00 | NOTE | |
r-patched-linux-x86_64 | 0.1-2 | 45.26 | 33.53 | 78.79 | NOTE | |
r-release-linux-x86_64 | 0.1-2 | 43.72 | 33.40 | 77.12 | NOTE | |
r-release-macos-arm64 | 0.1-2 | 29.00 | NOTE | |||
r-release-macos-x86_64 | 0.1-2 | 44.00 | NOTE | |||
r-release-windows-x86_64 | 0.1-2 | 41.00 | 70.00 | 111.00 | NOTE | |
r-oldrel-macos-arm64 | 0.1-2 | 34.00 | NOTE | |||
r-oldrel-macos-x86_64 | 0.1-2 | 50.00 | NOTE | |||
r-oldrel-windows-x86_64 | 0.1-2 | 51.00 | 80.00 | 131.00 | NOTE |
Version: 0.1-2
Check: Rd files
Result: NOTE
checkRd: (-1) BayesComm-package.Rd:33: Escaped LaTeX specials: \&
Flavors: r-devel-linux-x86_64-debian-clang, r-devel-linux-x86_64-debian-gcc, r-devel-linux-x86_64-fedora-clang, r-devel-linux-x86_64-fedora-gcc, r-devel-windows-x86_64, r-patched-linux-x86_64, r-release-linux-x86_64, r-release-macos-arm64, r-release-macos-x86_64, r-release-windows-x86_64, r-oldrel-macos-arm64, r-oldrel-macos-x86_64, r-oldrel-windows-x86_64
Version: 0.1-2
Check: compiled code
Result: NOTE
File ‘BayesComm/libs/BayesComm.so’:
Found no calls to: ‘R_registerRoutines’, ‘R_useDynamicSymbols’
It is good practice to register native routines and to disable symbol
search.
See ‘Writing portable packages’ in the ‘Writing R Extensions’ manual.
Flavors: r-devel-linux-x86_64-fedora-clang, r-devel-linux-x86_64-fedora-gcc