Last updated on 2024-06-29 11:49:07 CEST.
Flavor | Version | Tinstall | Tcheck | Ttotal | Status | Flags |
---|---|---|---|---|---|---|
r-devel-linux-x86_64-debian-clang | 0.5.0 | 17.33 | 197.12 | 214.45 | OK | |
r-devel-linux-x86_64-debian-gcc | 0.5.0 | 13.88 | 140.34 | 154.22 | OK | |
r-devel-linux-x86_64-fedora-clang | 0.5.0 | 260.26 | NOTE | |||
r-devel-linux-x86_64-fedora-gcc | 0.5.0 | 251.51 | NOTE | |||
r-devel-windows-x86_64 | 0.5.0 | 16.00 | 150.00 | 166.00 | OK | |
r-patched-linux-x86_64 | 0.5.0 | 20.51 | 182.03 | 202.54 | OK | |
r-release-linux-x86_64 | 0.5.0 | 16.76 | 184.99 | 201.75 | OK | |
r-release-macos-arm64 | 0.5.0 | 72.00 | OK | |||
r-release-macos-x86_64 | 0.5.0 | 103.00 | OK | |||
r-release-windows-x86_64 | 0.5.0 | 16.00 | 154.00 | 170.00 | OK | |
r-oldrel-macos-arm64 | 0.5.0 | 73.00 | OK | |||
r-oldrel-macos-x86_64 | 0.5.0 | 120.00 | OK | |||
r-oldrel-windows-x86_64 | 0.5.0 | 21.00 | 196.00 | 217.00 | OK |
Version: 0.5.0
Check: package dependencies
Result: NOTE
Imports includes 25 non-default packages.
Importing from so many packages makes the package vulnerable to any of
them becoming unavailable. Move as many as possible to Suggests and
use conditionally.
Flavor: r-devel-linux-x86_64-fedora-clang
Version: 0.5.0
Check: dependencies in R code
Result: NOTE
Namespaces in Imports field not imported from:
‘circlize’ ‘hexbin’ ‘scales’ ‘sna’
All declared Imports should be used.
Flavors: r-devel-linux-x86_64-fedora-clang, r-devel-linux-x86_64-fedora-gcc