Last updated on 2024-06-29 11:49:07 CEST.
Flavor | Version | Tinstall | Tcheck | Ttotal | Status | Flags |
---|---|---|---|---|---|---|
r-devel-linux-x86_64-debian-clang | 0.9.0 | 9.49 | 316.53 | 326.02 | OK | |
r-devel-linux-x86_64-debian-gcc | 0.9.0 | 8.19 | 224.16 | 232.35 | OK | |
r-devel-linux-x86_64-fedora-clang | 0.9.0 | 395.94 | OK | |||
r-devel-linux-x86_64-fedora-gcc | 0.9.0 | 404.87 | OK | |||
r-devel-windows-x86_64 | 0.9.0 | 11.00 | 234.00 | 245.00 | OK | |
r-patched-linux-x86_64 | 0.9.0 | 13.56 | 289.88 | 303.44 | OK | |
r-release-linux-x86_64 | 0.9.0 | 12.25 | 301.11 | 313.36 | OK | |
r-release-macos-arm64 | 0.9.0 | 57.00 | NOTE | |||
r-release-macos-x86_64 | 0.9.0 | 185.00 | OK | |||
r-release-windows-x86_64 | 0.9.0 | 11.00 | 237.00 | 248.00 | OK | |
r-oldrel-macos-arm64 | 0.9.0 | 62.00 | NOTE | |||
r-oldrel-macos-x86_64 | 0.9.0 | 103.00 | NOTE | |||
r-oldrel-windows-x86_64 | 0.9.0 | 13.00 | 298.00 | 311.00 | OK |
Version: 0.9.0
Check: package dependencies
Result: NOTE
Package suggested but not available for checking: ‘reactome.db’
Flavors: r-release-macos-arm64, r-oldrel-macos-arm64, r-oldrel-macos-x86_64