Last updated on 2025-10-31 07:51:41 CET.
| Flavor | Version | Tinstall | Tcheck | Ttotal | Status | Flags | 
|---|---|---|---|---|---|---|
| r-devel-linux-x86_64-debian-clang | 1.0.2 | 1.89 | 22.87 | 24.76 | NOTE | |
| r-devel-linux-x86_64-debian-gcc | 1.0.2 | 1.45 | 18.62 | 20.07 | NOTE | |
| r-devel-linux-x86_64-fedora-clang | 1.0.2 | 36.53 | NOTE | |||
| r-devel-linux-x86_64-fedora-gcc | 1.0.2 | 10.00 | 26.79 | 36.79 | NOTE | |
| r-devel-windows-x86_64 | 1.0.2 | 4.00 | 45.00 | 49.00 | OK | |
| r-patched-linux-x86_64 | 1.0.2 | 2.07 | 21.74 | 23.81 | OK | |
| r-release-linux-x86_64 | 1.0.2 | 1.94 | 22.08 | 24.02 | OK | |
| r-release-macos-arm64 | 1.0.2 | 1.00 | 16.00 | 17.00 | OK | |
| r-release-macos-x86_64 | 1.0.2 | 2.00 | 25.00 | 27.00 | OK | |
| r-release-windows-x86_64 | 1.0.2 | 3.00 | 48.00 | 51.00 | OK | |
| r-oldrel-macos-arm64 | 1.0.2 | 1.00 | 19.00 | 20.00 | NOTE | |
| r-oldrel-macos-x86_64 | 1.0.2 | 2.00 | 25.00 | 27.00 | NOTE | |
| r-oldrel-windows-x86_64 | 1.0.2 | 3.00 | 50.00 | 53.00 | NOTE | 
Version: 1.0.2
Check: Rd files
Result: NOTE
  checkRd: (-1) BL_post_distr.Rd:59-65: Only 4 columns allowed in this table (row 1 has 2)
  checkRd: (-1) BL_post_distr.Rd:59-65: Only 4 columns allowed in this table (row 2 has 2)
  checkRd: (-1) BL_post_distr.Rd:59-65: Only 4 columns allowed in this table (row 3 has 2)
  checkRd: (-1) equilibrium_mean.Rd:25-29: Only 4 columns allowed in this table (row 1 has 2)
  checkRd: (-1) equilibrium_mean.Rd:25-29: Only 4 columns allowed in this table (row 2 has 2)
Flavors: r-devel-linux-x86_64-debian-clang, r-devel-linux-x86_64-debian-gcc, r-devel-linux-x86_64-fedora-clang, r-devel-linux-x86_64-fedora-gcc
Version: 1.0.2
Check: LazyData
Result: NOTE
    'LazyData' is specified without a 'data' directory
Flavors: r-oldrel-macos-arm64, r-oldrel-macos-x86_64, r-oldrel-windows-x86_64