Last updated on 2024-06-29 11:49:08 CEST.
Flavor | Version | Tinstall | Tcheck | Ttotal | Status | Flags |
---|---|---|---|---|---|---|
r-devel-linux-x86_64-debian-clang | 2.5.5 | 144.93 | 340.88 | 485.81 | NOTE | |
r-devel-linux-x86_64-debian-gcc | 2.5.5 | 92.49 | 243.76 | 336.25 | NOTE | |
r-devel-linux-x86_64-fedora-clang | 2.5.5 | 609.94 | NOTE | |||
r-devel-linux-x86_64-fedora-gcc | 2.5.5 | 628.48 | NOTE | |||
r-devel-windows-x86_64 | 2.5.5 | 106.00 | 250.00 | 356.00 | NOTE | |
r-patched-linux-x86_64 | 2.5.5 | 111.02 | 320.08 | 431.10 | NOTE | |
r-release-linux-x86_64 | 2.5.5 | 122.24 | 329.40 | 451.64 | NOTE | |
r-release-macos-arm64 | 2.5.5 | 152.00 | NOTE | |||
r-release-macos-x86_64 | 2.5.5 | 230.00 | NOTE | |||
r-release-windows-x86_64 | 2.5.5 | 103.00 | 249.00 | 352.00 | NOTE | |
r-oldrel-macos-arm64 | 2.5.5 | 159.00 | NOTE | |||
r-oldrel-macos-x86_64 | 2.5.5 | 246.00 | NOTE | |||
r-oldrel-windows-x86_64 | 2.5.5 | 132.00 | 320.00 | 452.00 | NOTE |
Version: 2.5.5
Check: for GNU extensions in Makefiles
Result: NOTE
GNU make is a SystemRequirements.
Flavors: r-devel-linux-x86_64-debian-clang, r-devel-linux-x86_64-debian-gcc, r-devel-linux-x86_64-fedora-clang, r-devel-linux-x86_64-fedora-gcc, r-devel-windows-x86_64, r-patched-linux-x86_64, r-release-linux-x86_64, r-release-macos-arm64, r-release-macos-x86_64, r-release-windows-x86_64, r-oldrel-macos-arm64, r-oldrel-macos-x86_64, r-oldrel-windows-x86_64
Version: 2.5.5
Check: data for non-ASCII characters
Result: NOTE
Note: found 582 marked UTF-8 strings
Flavors: r-devel-linux-x86_64-fedora-clang, r-devel-linux-x86_64-fedora-gcc
Version: 2.5.5
Check: installed package size
Result: NOTE
installed size is 5.5Mb
sub-directories of 1Mb or more:
doc 2.8Mb
libs 1.2Mb
Flavors: r-devel-windows-x86_64, r-release-macos-arm64, r-release-macos-x86_64, r-release-windows-x86_64, r-oldrel-macos-arm64, r-oldrel-macos-x86_64, r-oldrel-windows-x86_64