Last updated on 2025-05-08 16:54:13 CEST.
Flavor | Version | Tinstall | Tcheck | Ttotal | Status | Flags |
---|---|---|---|---|---|---|
r-devel-linux-x86_64-debian-clang | 2.4.4 | 8.83 | 36.69 | 45.52 | NOTE | |
r-devel-linux-x86_64-debian-gcc | 2.4.4 | 5.21 | 29.12 | 34.33 | NOTE | |
r-devel-linux-x86_64-fedora-clang | 2.4.4 | 76.13 | OK | |||
r-devel-linux-x86_64-fedora-gcc | 2.4.4 | 80.21 | OK | |||
r-devel-windows-x86_64 | 2.4.4 | 9.00 | 69.00 | 78.00 | NOTE | |
r-patched-linux-x86_64 | 2.4.4 | 8.34 | 34.21 | 42.55 | NOTE | |
r-release-linux-x86_64 | 2.4.4 | 5.18 | 33.97 | 39.15 | NOTE | |
r-release-macos-arm64 | 2.4.4 | 39.00 | OK | |||
r-release-macos-x86_64 | 2.4.4 | 56.00 | OK | |||
r-release-windows-x86_64 | 2.4.4 | 10.00 | 61.00 | 71.00 | NOTE | |
r-oldrel-macos-arm64 | 2.4.4 | 33.00 | OK | |||
r-oldrel-macos-x86_64 | 2.4.4 | 51.00 | OK | |||
r-oldrel-windows-x86_64 | 2.4.4 | 11.00 | 66.00 | 77.00 | OK |
Version: 2.4.4
Check: Rd cross-references
Result: NOTE
Found the following Rd file(s) with Rd \link{} targets missing package
anchors:
az_resource_group.Rd: AzureToken
az_rm.Rd: AzureToken
az_subscription.Rd: AzureToken
azure_login.Rd: AzureToken
call_azure.Rd: AzureToken
utils.Rd: AzureToken
Please provide package anchors for all Rd \link{} targets not in the
package itself and the base packages.
Flavors: r-devel-linux-x86_64-debian-clang, r-devel-linux-x86_64-debian-gcc, r-devel-windows-x86_64, r-patched-linux-x86_64, r-release-linux-x86_64, r-release-windows-x86_64