Last updated on 2024-06-29 11:49:07 CEST.
Flavor | Version | Tinstall | Tcheck | Ttotal | Status | Flags |
---|---|---|---|---|---|---|
r-devel-linux-x86_64-debian-clang | 1.0.0 | 4.84 | 37.02 | 41.86 | NOTE | |
r-devel-linux-x86_64-debian-gcc | 1.0.0 | 3.11 | 27.49 | 30.60 | NOTE | |
r-devel-linux-x86_64-fedora-clang | 1.0.0 | 51.53 | NOTE | |||
r-devel-linux-x86_64-fedora-gcc | 1.0.0 | 62.54 | NOTE | |||
r-devel-windows-x86_64 | 1.0.0 | 5.00 | 51.00 | 56.00 | NOTE | |
r-patched-linux-x86_64 | 1.0.0 | 5.40 | 34.25 | 39.65 | NOTE | |
r-release-linux-x86_64 | 1.0.0 | 3.48 | 35.01 | 38.49 | NOTE | |
r-release-macos-arm64 | 1.0.0 | 25.00 | NOTE | |||
r-release-macos-x86_64 | 1.0.0 | 38.00 | NOTE | |||
r-release-windows-x86_64 | 1.0.0 | 5.00 | 52.00 | 57.00 | NOTE | |
r-oldrel-macos-arm64 | 1.0.0 | 24.00 | OK | |||
r-oldrel-macos-x86_64 | 1.0.0 | 38.00 | OK | |||
r-oldrel-windows-x86_64 | 1.0.0 | 6.00 | 53.00 | 59.00 | OK |
Version: 1.0.0
Check: Rd files
Result: NOTE
checkRd: (-1) cosmos_mongo.Rd:21: Lost braces; missing escapes or markup?
21 | \item{host}{For \code{cosmos_mongo_endpoint}, the URL of the Cosmos DB MongoDB endpoint. Usually of the form "https://{account-name}.mongo.cosmos.azure.com:443/".}
| ^
Flavors: r-devel-linux-x86_64-debian-clang, r-devel-linux-x86_64-debian-gcc, r-devel-linux-x86_64-fedora-clang, r-devel-linux-x86_64-fedora-gcc, r-devel-windows-x86_64, r-patched-linux-x86_64, r-release-linux-x86_64, r-release-macos-arm64, r-release-macos-x86_64, r-release-windows-x86_64