Last updated on 2025-10-31 14:49:36 CET.
| Flavor | Version | Tinstall | Tcheck | Ttotal | Status | Flags | 
|---|---|---|---|---|---|---|
| r-devel-linux-x86_64-debian-clang | 0.2.0 | 14.14 | 114.25 | 128.39 | NOTE | |
| r-devel-linux-x86_64-debian-gcc | 0.2.0 | 9.57 | 81.06 | 90.63 | NOTE | |
| r-devel-linux-x86_64-fedora-clang | 0.2.0 | 34.00 | 164.74 | 198.74 | OK | |
| r-devel-linux-x86_64-fedora-gcc | 0.2.0 | 34.00 | 153.37 | 187.37 | OK | |
| r-devel-windows-x86_64 | 0.2.0 | 15.00 | 109.00 | 124.00 | OK | |
| r-patched-linux-x86_64 | 0.2.0 | 13.94 | 104.18 | 118.12 | OK | |
| r-release-linux-x86_64 | 0.2.0 | 14.14 | 105.51 | 119.65 | OK | |
| r-release-macos-arm64 | 0.2.0 | 6.00 | 44.00 | 50.00 | OK | |
| r-release-macos-x86_64 | 0.2.0 | 17.00 | 125.00 | 142.00 | OK | |
| r-release-windows-x86_64 | 0.2.0 | 15.00 | 107.00 | 122.00 | OK | |
| r-oldrel-macos-arm64 | 0.2.0 | 6.00 | 44.00 | 50.00 | NOTE | |
| r-oldrel-macos-x86_64 | 0.2.0 | 9.00 | 66.00 | 75.00 | NOTE | |
| r-oldrel-windows-x86_64 | 0.2.0 | 20.00 | 135.00 | 155.00 | NOTE | 
Version: 0.2.0
Check: CRAN incoming feasibility
Result: NOTE
  Maintainer: ‘Aaron England <aaron.england24@gmail.com>’
  
  No Authors@R field in DESCRIPTION.
  Please add one, modifying
    Authors@R: person(given = "Aaron",
                      family = "England",
                      role = c("aut", "cre"),
                      email = "aaron.england24@gmail.com")
  as necessary.
Flavors: r-devel-linux-x86_64-debian-clang, r-devel-linux-x86_64-debian-gcc
Version: 0.2.0
Check: LazyData
Result: NOTE
    'LazyData' is specified without a 'data' directory
Flavors: r-oldrel-macos-arm64, r-oldrel-macos-x86_64, r-oldrel-windows-x86_64