Last updated on 2024-07-02 01:57:03 CEST.
Flavor | Version | Tinstall | Tcheck | Ttotal | Status | Flags |
---|---|---|---|---|---|---|
r-devel-linux-x86_64-debian-clang | 1.0.1 | 54.15 | 97.47 | 151.62 | OK | |
r-devel-linux-x86_64-debian-gcc | 1.0.1 | 37.43 | 72.13 | 109.56 | OK | |
r-devel-linux-x86_64-fedora-clang | 1.0.1 | 199.93 | OK | |||
r-devel-linux-x86_64-fedora-gcc | 1.0.1 | 204.38 | OK | |||
r-devel-windows-x86_64 | 1.0.1 | 45.00 | 104.00 | 149.00 | NOTE | |
r-patched-linux-x86_64 | 1.0.1 | 35.53 | 93.16 | 128.69 | OK | |
r-release-linux-x86_64 | 1.0.1 | 36.34 | 91.90 | 128.24 | OK | |
r-release-macos-arm64 | 1.0.1 | 52.00 | NOTE | |||
r-release-macos-x86_64 | 1.0.1 | 77.00 | NOTE | |||
r-release-windows-x86_64 | 1.0.1 | 46.00 | 104.00 | 150.00 | NOTE | |
r-oldrel-macos-arm64 | 1.0.1 | 58.00 | NOTE | |||
r-oldrel-macos-x86_64 | 1.0.1 | 115.00 | NOTE | |||
r-oldrel-windows-x86_64 | 1.0.1 | 56.00 | 125.00 | 181.00 | NOTE |
Version: 1.0.1
Check: installed package size
Result: NOTE
installed size is 5.1Mb
sub-directories of 1Mb or more:
documents 2.4Mb
libs 1.1Mb
screenshots 1.6Mb
Flavors: r-devel-windows-x86_64, r-release-macos-arm64, r-release-macos-x86_64, r-release-windows-x86_64, r-oldrel-macos-arm64, r-oldrel-macos-x86_64, r-oldrel-windows-x86_64