Last updated on 2025-05-04 21:51:01 CEST.
Flavor | Version | Tinstall | Tcheck | Ttotal | Status | Flags |
---|---|---|---|---|---|---|
r-devel-linux-x86_64-debian-clang | 0.2.1 | 1.54 | 15.92 | 17.46 | NOTE | |
r-devel-linux-x86_64-debian-gcc | 0.2.1 | 1.28 | 13.09 | 14.37 | NOTE | |
r-devel-linux-x86_64-fedora-clang | 0.2.1 | 27.26 | OK | |||
r-devel-linux-x86_64-fedora-gcc | 0.2.1 | 25.79 | OK | |||
r-devel-windows-x86_64 | 0.2.1 | 3.00 | 34.00 | 37.00 | OK | |
r-patched-linux-x86_64 | 0.2.1 | 1.41 | 15.21 | 16.62 | OK | |
r-release-linux-x86_64 | 0.2.1 | 0.97 | 15.28 | 16.25 | OK | |
r-release-macos-arm64 | 0.2.1 | 14.00 | OK | |||
r-release-macos-x86_64 | 0.2.1 | 30.00 | OK | |||
r-release-windows-x86_64 | 0.2.1 | 2.00 | 34.00 | 36.00 | OK | |
r-oldrel-macos-arm64 | 0.2.1 | 18.00 | OK | |||
r-oldrel-macos-x86_64 | 0.2.1 | 22.00 | OK | |||
r-oldrel-windows-x86_64 | 0.2.1 | 3.00 | 33.00 | 36.00 | OK |
Version: 0.2.1
Check: CRAN incoming feasibility
Result: NOTE
Maintainer: ‘Dr. Sandip Garai <sandipnicksandy@gmail.com>’
No Authors@R field in DESCRIPTION.
Please add one, modifying
Authors@R: person(given = c("Dr.", "Sandip"),
family = "Garai",
role = c("aut", "cre"),
email = "sandipnicksandy@gmail.com")
as necessary.
Flavors: r-devel-linux-x86_64-debian-clang, r-devel-linux-x86_64-debian-gcc