Last updated on 2024-06-29 11:49:07 CEST.
Flavor | Version | Tinstall | Tcheck | Ttotal | Status | Flags |
---|---|---|---|---|---|---|
r-devel-linux-x86_64-debian-clang | 0.4.0 | 8.38 | 91.75 | 100.13 | OK | |
r-devel-linux-x86_64-debian-gcc | 0.4.0 | 7.37 | 66.19 | 73.56 | OK | |
r-devel-linux-x86_64-fedora-clang | 0.4.0 | 128.24 | NOTE | |||
r-devel-linux-x86_64-fedora-gcc | 0.4.0 | 133.25 | NOTE | |||
r-devel-windows-x86_64 | 0.4.0 | 11.00 | 106.00 | 117.00 | OK | |
r-patched-linux-x86_64 | 0.4.0 | 6.95 | 84.17 | 91.12 | OK | |
r-release-linux-x86_64 | 0.4.0 | 6.16 | 86.15 | 92.31 | OK | |
r-release-macos-arm64 | 0.4.0 | 48.00 | OK | |||
r-release-macos-x86_64 | 0.4.0 | 66.00 | OK | |||
r-release-windows-x86_64 | 0.4.0 | 10.00 | 106.00 | 116.00 | OK | |
r-oldrel-macos-arm64 | 0.4.0 | 48.00 | OK | |||
r-oldrel-macos-x86_64 | 0.4.0 | 117.00 | OK | |||
r-oldrel-windows-x86_64 | 0.4.0 | 12.00 | 122.00 | 134.00 | OK |
Version: 0.4.0
Check: data for non-ASCII characters
Result: NOTE
Note: found 1 marked UTF-8 string
Flavors: r-devel-linux-x86_64-fedora-clang, r-devel-linux-x86_64-fedora-gcc