Last updated on 2024-06-29 11:49:07 CEST.
Flavor | Version | Tinstall | Tcheck | Ttotal | Status | Flags |
---|---|---|---|---|---|---|
r-devel-linux-x86_64-debian-clang | 2.0.1 | 13.41 | 443.90 | 457.31 | NOTE | |
r-devel-linux-x86_64-debian-gcc | 2.0.1 | 12.00 | 315.60 | 327.60 | NOTE | |
r-devel-linux-x86_64-fedora-clang | 2.0.1 | 560.35 | NOTE | |||
r-devel-linux-x86_64-fedora-gcc | 2.0.1 | 576.19 | NOTE | |||
r-devel-windows-x86_64 | 2.0.1 | 14.00 | 312.00 | 326.00 | OK | |
r-patched-linux-x86_64 | 2.0.1 | 16.97 | 419.05 | 436.02 | NOTE | |
r-release-linux-x86_64 | 2.0.1 | 13.61 | 417.73 | 431.34 | NOTE | |
r-release-macos-arm64 | 2.0.1 | 137.00 | OK | |||
r-release-macos-x86_64 | 2.0.1 | 224.00 | OK | |||
r-release-windows-x86_64 | 2.0.1 | 15.00 | 310.00 | 325.00 | OK | |
r-oldrel-macos-arm64 | 2.0.1 | 149.00 | OK | |||
r-oldrel-macos-x86_64 | 2.0.1 | 256.00 | OK | |||
r-oldrel-windows-x86_64 | 2.0.1 | 18.00 | 409.00 | 427.00 | OK |
Version: 2.0.1
Check: for non-standard things in the check directory
Result: NOTE
Found the following files/directories:
‘table_AeRobiology’
Flavors: r-devel-linux-x86_64-debian-clang, r-devel-linux-x86_64-debian-gcc, r-devel-linux-x86_64-fedora-clang, r-devel-linux-x86_64-fedora-gcc, r-patched-linux-x86_64, r-release-linux-x86_64