Last updated on 2024-07-03 01:48:59 CEST.
Flavor | Version | Tinstall | Tcheck | Ttotal | Status | Flags |
---|---|---|---|---|---|---|
r-devel-linux-x86_64-debian-clang | 1.1.0 | 130.99 | 119.16 | 250.15 | OK | |
r-devel-linux-x86_64-debian-gcc | 1.1.0 | 93.32 | 349.37 | 442.69 | OK | |
r-devel-linux-x86_64-fedora-clang | 1.1.0 | 351.36 | NOTE | |||
r-devel-linux-x86_64-fedora-gcc | 1.1.0 | 517.10 | NOTE | |||
r-devel-windows-x86_64 | 1.1.0 | 103.00 | 245.00 | 348.00 | OK | |
r-patched-linux-x86_64 | 1.1.0 | 126.16 | 266.31 | 392.47 | OK | |
r-release-linux-x86_64 | 1.1.0 | 115.62 | 259.14 | 374.76 | OK | |
r-release-macos-arm64 | 1.1.0 | 83.00 | NOTE | |||
r-release-macos-x86_64 | 1.1.0 | 104.00 | NOTE | |||
r-release-windows-x86_64 | 1.1.0 | 105.00 | 247.00 | 352.00 | OK | |
r-oldrel-macos-arm64 | 1.1.0 | 92.00 | NOTE | |||
r-oldrel-macos-x86_64 | 1.1.0 | 141.00 | NOTE | |||
r-oldrel-windows-x86_64 | 1.1.0 | 124.00 | 203.00 | 327.00 | OK |
Version: 1.1.0
Check: dependencies in R code
Result: NOTE
Namespace in Imports field not imported from: ‘R.rsp’
All declared Imports should be used.
Flavors: r-devel-linux-x86_64-fedora-clang, r-devel-linux-x86_64-fedora-gcc
Version: 1.1.0
Check: installed package size
Result: NOTE
installed size is 10.2Mb
sub-directories of 1Mb or more:
libs 9.5Mb
Flavors: r-release-macos-arm64, r-release-macos-x86_64, r-oldrel-macos-arm64, r-oldrel-macos-x86_64