Last updated on 2025-04-16 14:53:02 CEST.
Flavor | Version | Tinstall | Tcheck | Ttotal | Status | Flags |
---|---|---|---|---|---|---|
r-devel-linux-x86_64-debian-clang | 0.1.0 | 2.25 | 23.85 | 26.10 | OK | |
r-devel-linux-x86_64-debian-gcc | 0.1.0 | 1.64 | 19.86 | 21.50 | OK | |
r-devel-linux-x86_64-fedora-clang | 0.1.0 | 43.10 | OK | |||
r-devel-linux-x86_64-fedora-gcc | 0.1.0 | 43.79 | OK | |||
r-devel-windows-x86_64 | 0.1.0 | 4.00 | 45.00 | 49.00 | OK | |
r-patched-linux-x86_64 | 0.1.0 | 2.47 | 25.34 | 27.81 | OK | |
r-release-linux-x86_64 | 0.1.0 | 1.97 | 25.06 | 27.03 | OK | |
r-release-macos-arm64 | 0.1.0 | 35.00 | OK | |||
r-release-macos-x86_64 | 0.1.0 | 36.00 | OK | |||
r-release-windows-x86_64 | 0.1.0 | 3.00 | 44.00 | 47.00 | OK | |
r-oldrel-macos-arm64 | 0.1.0 | 23.00 | NOTE | |||
r-oldrel-macos-x86_64 | 0.1.0 | 30.00 | NOTE | |||
r-oldrel-windows-x86_64 | 0.1.0 | 3.00 | 50.00 | 53.00 | NOTE |
Version: 0.1.0
Check: LazyData
Result: NOTE
'LazyData' is specified without a 'data' directory
Flavors: r-oldrel-macos-arm64, r-oldrel-macos-x86_64, r-oldrel-windows-x86_64