Last updated on 2025-10-09 06:50:58 CEST.
Flavor | Version | Tinstall | Tcheck | Ttotal | Status | Flags |
---|---|---|---|---|---|---|
r-devel-linux-x86_64-debian-clang | 0.3.4 | 54.60 | 64.51 | 119.11 | OK | |
r-devel-linux-x86_64-debian-gcc | 0.3.4 | 38.26 | 47.43 | 85.69 | OK | |
r-devel-linux-x86_64-fedora-clang | 0.3.4 | 195.78 | OK | |||
r-devel-linux-x86_64-fedora-gcc | 0.3.4 | 194.81 | OK | |||
r-devel-windows-x86_64 | 0.3.4 | 60.00 | 107.00 | 167.00 | OK | |
r-patched-linux-x86_64 | 0.3.4 | 54.80 | 62.13 | 116.93 | OK | |
r-release-linux-x86_64 | 0.3.4 | 56.92 | 62.20 | 119.12 | OK | |
r-release-macos-arm64 | 0.3.4 | 55.00 | OK | |||
r-release-macos-x86_64 | 0.3.4 | 95.00 | OK | |||
r-release-windows-x86_64 | 0.3.4 | 60.00 | 95.00 | 155.00 | OK | |
r-oldrel-macos-arm64 | 0.3.4 | 63.00 | NOTE | |||
r-oldrel-macos-x86_64 | 0.3.4 | 107.00 | NOTE | |||
r-oldrel-windows-x86_64 | 0.3.4 | 69.00 | 118.00 | 187.00 | OK |
Version: 0.3.4
Check: installed package size
Result: NOTE
installed size is 5.8Mb
sub-directories of 1Mb or more:
libs 5.6Mb
Flavors: r-oldrel-macos-arm64, r-oldrel-macos-x86_64