Last updated on 2025-02-22 14:53:33 CET.
Flavor | Version | Tinstall | Tcheck | Ttotal | Status | Flags |
---|---|---|---|---|---|---|
r-devel-linux-x86_64-debian-clang | 0.3.3 | 52.03 | 61.72 | 113.75 | NOTE | |
r-devel-linux-x86_64-debian-gcc | 0.3.3 | 37.05 | 45.02 | 82.07 | NOTE | |
r-devel-linux-x86_64-fedora-clang | 0.3.3 | 206.07 | NOTE | |||
r-devel-linux-x86_64-fedora-gcc | 0.3.3 | 208.91 | NOTE | |||
r-devel-macos-arm64 | 0.3.3 | 50.00 | NOTE | |||
r-devel-macos-x86_64 | 0.3.3 | 178.00 | NOTE | |||
r-devel-windows-x86_64 | 0.3.3 | 50.00 | 96.00 | 146.00 | NOTE | |
r-patched-linux-x86_64 | 0.3.3 | 55.69 | 57.24 | 112.93 | NOTE | |
r-release-linux-x86_64 | 0.3.3 | 53.11 | 57.95 | 111.06 | NOTE | |
r-release-macos-arm64 | 0.3.3 | 50.00 | NOTE | |||
r-release-macos-x86_64 | 0.3.3 | 69.00 | NOTE | |||
r-release-windows-x86_64 | 0.3.3 | 52.00 | 95.00 | 147.00 | NOTE | |
r-oldrel-macos-arm64 | 0.3.3 | 59.00 | NOTE | |||
r-oldrel-macos-x86_64 | 0.3.3 | 96.00 | NOTE | |||
r-oldrel-windows-x86_64 | 0.3.3 | 64.00 | 119.00 | 183.00 | NOTE |
Version: 0.3.3
Check: C++ specification
Result: NOTE
Specified C++11: please drop specification unless essential
Flavors: r-devel-linux-x86_64-debian-clang, r-devel-linux-x86_64-debian-gcc, r-devel-linux-x86_64-fedora-clang, r-devel-linux-x86_64-fedora-gcc, r-devel-macos-arm64, r-devel-macos-x86_64, r-devel-windows-x86_64, r-patched-linux-x86_64, r-release-linux-x86_64, r-release-macos-arm64, r-release-macos-x86_64, r-release-windows-x86_64, r-oldrel-macos-arm64, r-oldrel-macos-x86_64, r-oldrel-windows-x86_64
Version: 0.3.3
Check: installed package size
Result: NOTE
installed size is 5.8Mb
sub-directories of 1Mb or more:
libs 5.6Mb
Flavors: r-release-macos-arm64, r-release-macos-x86_64, r-oldrel-macos-arm64, r-oldrel-macos-x86_64